{"id":2734,"date":"2023-03-18T10:44:50","date_gmt":"2023-03-18T10:44:50","guid":{"rendered":"https:\/\/tinerimearomana.ro\/orchestra-romana-tineret\/?page_id=2734"},"modified":"2023-03-18T10:59:27","modified_gmt":"2023-03-18T10:59:27","slug":"musicians","status":"publish","type":"page","link":"https:\/\/tinerimearomana.ro\/orchestra-romana-tineret\/en\/about-us\/musicians\/","title":{"rendered":"MUSICIANS"},"content":{"rendered":"<div class=\"su-row\">\n<div class=\"su-column su-column-size-1-6\"><div class=\"su-column-inner su-u-clearfix su-u-trim\">\n<strong>Violin<\/strong><br \/>\nRoxana Oprea<br \/>\nRafael Butaru<br \/>\nSimina Croitoru<br \/>\nRadu Dunca<br \/>\nGhind\u0103 Iulia<br \/>\nAna Maria T\u0103nase<br \/>\nDariu Cifor<br \/>\nAndra Lucia Andrei<br \/>\nRadu Ropotan<br \/>\nC\u0103t\u0103lina C\u00eerciu<br \/>\nVlad Baciu<br \/>\nCiprian \u0218tefan Orave\u021b<br \/>\nIoana Olteanu<br \/>\nCaius Hiticas<br \/>\nDaniela Ni\u021b\u0103<br \/>\nAron Cavasi<br \/>\nFrancesco Iona\u0219cu<br \/>\nLaura \u0218andru<br \/>\nVadim Grumeza<br \/>\nBeatrice Gagiu<br \/>\nR\u0103zvan Anem\u0163oaei<br \/>\nCristian Moldovan<br \/>\nAna Maria Marian<br \/>\nRoxana Curtgeafar<br \/>\nIulia Cazacu<br \/>\nAlexandra Dragomir<br \/>\nPaul Moldovan<br \/>\nNicoleta Petre<br \/>\nAndreea M\u0103z\u0103reanu<br \/>\nAnca Sinaci<br \/>\nCorina Tof\u0103nel<br \/>\nBuc\u015fe Krisztina<br \/>\nIolanta Eremie<br \/>\nRemus Ga\u0219par<br \/>\n\u0218arpe Cristina Nicoleta<br \/>\nFejer Arpad Attila<br \/>\nAna-Maria \u0162ipeanu<br \/>\nAlexandru Cozma<br \/>\n\u0218tefan Ro\u0219u<br \/>\nCiprian Balint<br \/>\nLaura Marina Albu<br \/>\n<\/div><\/div><div class=\"su-column su-column-size-1-6\"><div class=\"su-column-inner su-u-clearfix su-u-trim\">\n<strong>Viola<\/strong><br \/>\nAdrian Vasile<br \/>\nTamara Dica<br \/>\nOvidiu Achim<br \/>\nCristian Suara\u015fan<br \/>\nOvidiu Costea<br \/>\nLoredana Apetrei<br \/>\nMarcel Cameni\u021b\u0103<br \/>\nGeorgiana Iulia Bordeianu<br \/>\nMonica Bejenaru<br \/>\nMihai O\u0219vat<br \/>\nCosmia St\u00e2ng\u0103<br \/>\nF\u0103g\u0103ra\u0219 Bogdan<br \/>\nGabriel Sili\u0219teanu<br \/>\nMihaela Moscalu<br \/>\nAna Larisa Iordache<br \/>\nTheodor Andreescu<br \/>\nSorin Spasinovici<\/p>\n<p><strong>Clarinets<\/strong><br \/>\nR\u0103zvan Poptean<br \/>\nAurelian B\u0103can<br \/>\nAlexandru Avramovici<br \/>\nRadu Grelu\u0219<br \/>\n\u0218tefan Voinic<\/p>\n<p><strong>Tuba<\/strong><br \/>\nAlexandru Corlan<\/p>\n<\/div><\/div><div class=\"su-column su-column-size-1-6\"><div class=\"su-column-inner su-u-clearfix su-u-trim\">\n<\/div><\/div>\n<div class=\"su-column su-column-size-1-6\"><div class=\"su-column-inner su-u-clearfix su-u-trim\">\n<strong>Cello<\/strong><br \/>\n\u0218tefan Cazacu<br \/>\nMircea Marian<br \/>\nRadu Sinaci<br \/>\nElla Bokor<br \/>\nOctavian Lup<br \/>\nAdrian Precup<br \/>\nIoana Stanciuc<br \/>\nDiana Petre<br \/>\nTitus Tincu<br \/>\nHora\u021biu Ludu\u0219an<br \/>\nRadu Croitoru<br \/>\nConstantin Borodin<br \/>\nMihai Grigore<br \/>\nAlexandru Totan<\/p>\n<p><strong>Bassoon<\/strong><br \/>\nIonu\u021b Mardare<br \/>\nAlexandra Neaga<br \/>\nAdrian Moisuc<br \/>\nIulian Ni\u021bic\u0103<\/p>\n<p><strong>Percussion<\/strong><br \/>\nBogdan Pop<br \/>\nAndrei Marcovici<br \/>\nAlexandru Stroe<br \/>\nDaraban Ioan<br \/>\nAlex Popovici<br \/>\nIlinca Lorentz<br \/>\nIrina R\u0103dulescu<br \/>\nIoana V\u0103leanu<\/p>\n<\/div><\/div>\n<div class=\"su-column su-column-size-1-6\"><div class=\"su-column-inner su-u-clearfix su-u-trim\">\n<strong>Contrabas<\/strong><br \/>\nCezar Knihinski<br \/>\nAndrei George Ni\u0163ic\u0103<br \/>\nVictor Savca<br \/>\nMaxim Octavian<br \/>\nDumitrana Daniel<br \/>\nAndrein Cerevcov<br \/>\n\u0162u\u0163 Mihai Iulian<br \/>\nAdrian Muntean<\/p>\n<p><strong>Horn<\/strong><br \/>\nCristian Borcan<br \/>\nVlad Buzdugan<br \/>\nValentin Gavril\u0103<br \/>\nBarta Tivadar<br \/>\nAndrei Pavel<br \/>\nCup\u0219a Gabriel<br \/>\nCosmin Cobasa<br \/>\n\u0218tefan Danifeld<br \/>\nSergiu Tompa<br \/>\nAdetu Mihai<\/p>\n<p><strong>Harp<\/strong><br \/>\nMiruna Vidican<br \/>\nAdriana C\u00eel\u021bea<\/p>\n<\/div><\/div>\n<div class=\"su-column su-column-size-1-6\"><div class=\"su-column-inner su-u-clearfix su-u-trim\">\n<strong>Flute<\/strong><br \/>\nLeonte Oana<br \/>\nAlexandru Rebreanu<br \/>\nTeodora Ducariu<br \/>\nAnna Szall\u00f3s Kis<br \/>\nPetra Pana<br \/>\nOana B\u0103descu<\/p>\n<p><strong>Trompet<\/strong><br \/>\nCornel Meici<br \/>\nBarbu Bogdan<br \/>\nIonel Laz\u0103r<br \/>\nGabriel Gyarmati<br \/>\nAndrei Candrianu<br \/>\nIosif Satm\u0103rean<br \/>\nDumitru Cernei<br \/>\nMarius Suciu<br \/>\nAlex Mavroianu<\/p>\n<p><strong>Piano\/Celesta<\/strong><br \/>\nRaluca Ouatu<br \/>\nIulian Ochescu<\/p>\n<\/div><\/div>\n<div class=\"su-column su-column-size-1-6\"><div class=\"su-column-inner su-u-clearfix su-u-trim\">\n<strong>Oboe<\/strong><br \/>\nAdrian Cioban<br \/>\nBence Haaz<br \/>\nEmin Curtgeafar<br \/>\nCsenge Adorjani<br \/>\nCristina Ordean<br \/>\nHary Noemi<\/p>\n<p><strong>Trombone<\/strong><br \/>\nLeonard Neam\u021b<br \/>\nDene\u0219 Fabian<br \/>\nCiprian Partenie<\/p>\n<\/div><\/div>\n<\/div>\n<div class=\"su-row\"><\/div>\n","protected":false},"excerpt":{"rendered":"","protected":false},"author":1,"featured_media":181,"parent":2717,"menu_order":0,"comment_status":"closed","ping_status":"closed","template":"","meta":{"_kad_post_transparent":"default","_kad_post_title":"default","_kad_post_layout":"default","_kad_post_sidebar_id":"","_kad_post_content_style":"default","_kad_post_vertical_padding":"default","_kad_post_feature":"","_kad_post_feature_position":"","_kad_post_header":false,"_kad_post_footer":false,"_kad_post_classname":"","footnotes":""},"class_list":["post-2734","page","type-page","status-publish","has-post-thumbnail","hentry"],"_links":{"self":[{"href":"https:\/\/tinerimearomana.ro\/orchestra-romana-tineret\/wp-json\/wp\/v2\/pages\/2734"}],"collection":[{"href":"https:\/\/tinerimearomana.ro\/orchestra-romana-tineret\/wp-json\/wp\/v2\/pages"}],"about":[{"href":"https:\/\/tinerimearomana.ro\/orchestra-romana-tineret\/wp-json\/wp\/v2\/types\/page"}],"author":[{"embeddable":true,"href":"https:\/\/tinerimearomana.ro\/orchestra-romana-tineret\/wp-json\/wp\/v2\/users\/1"}],"replies":[{"embeddable":true,"href":"https:\/\/tinerimearomana.ro\/orchestra-romana-tineret\/wp-json\/wp\/v2\/comments?post=2734"}],"version-history":[{"count":5,"href":"https:\/\/tinerimearomana.ro\/orchestra-romana-tineret\/wp-json\/wp\/v2\/pages\/2734\/revisions"}],"predecessor-version":[{"id":2737,"href":"https:\/\/tinerimearomana.ro\/orchestra-romana-tineret\/wp-json\/wp\/v2\/pages\/2734\/revisions\/2737"}],"up":[{"embeddable":true,"href":"https:\/\/tinerimearomana.ro\/orchestra-romana-tineret\/wp-json\/wp\/v2\/pages\/2717"}],"wp:featuredmedia":[{"embeddable":true,"href":"https:\/\/tinerimearomana.ro\/orchestra-romana-tineret\/wp-json\/wp\/v2\/media\/181"}],"wp:attachment":[{"href":"https:\/\/tinerimearomana.ro\/orchestra-romana-tineret\/wp-json\/wp\/v2\/media?parent=2734"}],"curies":[{"name":"wp","href":"https:\/\/api.w.org\/{rel}","templated":true}]}}

<div class="su-row">
<div class="su-column su-column-size-1-6"><div class="su-column-inner su-u-clearfix su-u-trim">
<strong>Violin</strong><br />
Roxana Oprea<br />
Rafael Butaru<br />
Simina Croitoru<br />
Radu Dunca<br />
Ghindă Iulia<br />
Ana Maria Tănase<br />
Dariu Cifor<br />
Andra Lucia Andrei<br />
Radu Ropotan<br />
Cătălina Cîrciu<br />
Vlad Baciu<br />
Ciprian Ștefan Oraveț<br />
Ioana Olteanu<br />
Caius Hiticas<br />
Daniela Niță<br />
Aron Cavasi<br />
Francesco Ionașcu<br />
Laura Șandru<br />
Vadim Grumeza<br />
Beatrice Gagiu<br />
Răzvan Anemţoaei<br />
Cristian Moldovan<br />
Ana Maria Marian<br />
Roxana Curtgeafar<br />
Iulia Cazacu<br />
Alexandra Dragomir<br />
Paul Moldovan<br />
Nicoleta Petre<br />
Andreea Măzăreanu<br />
Anca Sinaci<br />
Corina Tofănel<br />
Bucşe Krisztina<br />
Iolanta Eremie<br />
Remus Gașpar<br />
Șarpe Cristina Nicoleta<br />
Fejer Arpad Attila<br />
Ana-Maria Ţipeanu<br />
Alexandru Cozma<br />
Ștefan Roșu<br />
Ciprian Balint<br />
Laura Marina Albu<br />
</div></div><div class="su-column su-column-size-1-6"><div class="su-column-inner su-u-clearfix su-u-trim">
<strong>Viola</strong><br />
Adrian Vasile<br />
Tamara Dica<br />
Ovidiu Achim<br />
Cristian Suaraşan<br />
Ovidiu Costea<br />
Loredana Apetrei<br />
Marcel Cameniță<br />
Georgiana Iulia Bordeianu<br />
Monica Bejenaru<br />
Mihai Oșvat<br />
Cosmia Stângă<br />
Făgăraș Bogdan<br />
Gabriel Silișteanu<br />
Mihaela Moscalu<br />
Ana Larisa Iordache<br />
Theodor Andreescu<br />
Sorin Spasinovici</p>
<p><strong>Clarinets</strong><br />
Răzvan Poptean<br />
Aurelian Băcan<br />
Alexandru Avramovici<br />
Radu Greluș<br />
Ștefan Voinic</p>
<p><strong>Tuba</strong><br />
Alexandru Corlan</p>
</div></div><div class="su-column su-column-size-1-6"><div class="su-column-inner su-u-clearfix su-u-trim">
</div></div>
<div class="su-column su-column-size-1-6"><div class="su-column-inner su-u-clearfix su-u-trim">
<strong>Cello</strong><br />
Ștefan Cazacu<br />
Mircea Marian<br />
Radu Sinaci<br />
Ella Bokor<br />
Octavian Lup<br />
Adrian Precup<br />
Ioana Stanciuc<br />
Diana Petre<br />
Titus Tincu<br />
Horațiu Ludușan<br />
Radu Croitoru<br />
Constantin Borodin<br />
Mihai Grigore<br />
Alexandru Totan</p>
<p><strong>Bassoon</strong><br />
Ionuț Mardare<br />
Alexandra Neaga<br />
Adrian Moisuc<br />
Iulian Nițică</p>
<p><strong>Percussion</strong><br />
Bogdan Pop<br />
Andrei Marcovici<br />
Alexandru Stroe<br />
Daraban Ioan<br />
Alex Popovici<br />
Ilinca Lorentz<br />
Irina Rădulescu<br />
Ioana Văleanu</p>
</div></div>
<div class="su-column su-column-size-1-6"><div class="su-column-inner su-u-clearfix su-u-trim">
<strong>Contrabas</strong><br />
Cezar Knihinski<br />
Andrei George Niţică<br />
Victor Savca<br />
Maxim Octavian<br />
Dumitrana Daniel<br />
Andrein Cerevcov<br />
Ţuţ Mihai Iulian<br />
Adrian Muntean</p>
<p><strong>Horn</strong><br />
Cristian Borcan<br />
Vlad Buzdugan<br />
Valentin Gavrilă<br />
Barta Tivadar<br />
Andrei Pavel<br />
Cupșa Gabriel<br />
Cosmin Cobasa<br />
Ștefan Danifeld<br />
Sergiu Tompa<br />
Adetu Mihai</p>
<p><strong>Harp</strong><br />
Miruna Vidican<br />
Adriana Cîlțea</p>
</div></div>
<div class="su-column su-column-size-1-6"><div class="su-column-inner su-u-clearfix su-u-trim">
<strong>Flute</strong><br />
Leonte Oana<br />
Alexandru Rebreanu<br />
Teodora Ducariu<br />
Anna Szallós Kis<br />
Petra Pana<br />
Oana Bădescu</p>
<p><strong>Trompet</strong><br />
Cornel Meici<br />
Barbu Bogdan<br />
Ionel Lazăr<br />
Gabriel Gyarmati<br />
Andrei Candrianu<br />
Iosif Satmărean<br />
Dumitru Cernei<br />
Marius Suciu<br />
Alex Mavroianu</p>
<p><strong>Piano/Celesta</strong><br />
Raluca Ouatu<br />
Iulian Ochescu</p>
</div></div>
<div class="su-column su-column-size-1-6"><div class="su-column-inner su-u-clearfix su-u-trim">
<strong>Oboe</strong><br />
Adrian Cioban<br />
Bence Haaz<br />
Emin Curtgeafar<br />
Csenge Adorjani<br />
Cristina Ordean<br />
Hary Noemi</p>
<p><strong>Trombone</strong><br />
Leonard Neamț<br />
Deneș Fabian<br />
Ciprian Partenie</p>
</div></div>
</div>
<div class="su-row"></div>
