{"id":2007,"date":"2018-03-12T10:09:30","date_gmt":"2018-03-12T10:09:30","guid":{"rendered":"http:\/\/tinerimearomana.ro\/orchestra-romana-tineret\/?page_id=2007"},"modified":"2024-06-25T10:49:58","modified_gmt":"2024-06-25T10:49:58","slug":"video","status":"publish","type":"page","link":"https:\/\/tinerimearomana.ro\/orchestra-romana-tineret\/video\/","title":{"rendered":"VIDEO"},"content":{"rendered":"<div class=\"su-row\">\n<div class=\"su-column su-column-size-1-2\"><div class=\"su-column-inner su-u-clearfix su-u-trim\">\n<div class=\"entry-content-asset videofit\"><iframe title=\"The History of the Romanian Youth Orchestras 2008 - 2020 - Part I: European Values\" width=\"720\" height=\"405\" src=\"https:\/\/www.youtube.com\/embed\/XGdMGtaCdx0?feature=oembed\" frameborder=\"0\" allow=\"accelerometer; autoplay; clipboard-write; encrypted-media; gyroscope; picture-in-picture; web-share\" referrerpolicy=\"strict-origin-when-cross-origin\" allowfullscreen><\/iframe><\/div>\n<\/div><\/div>\n<div class=\"su-column su-column-size-1-2\"><div class=\"su-column-inner su-u-clearfix su-u-trim\">\n<div class=\"entry-content-asset videofit\"><iframe title=\"\u201cA Success Story \u2013 The History of Romanian Youth Orchestras\u201d - A Treasure of National Culture\" width=\"720\" height=\"405\" src=\"https:\/\/www.youtube.com\/embed\/zKWIJ-MGkEs?feature=oembed\" frameborder=\"0\" allow=\"accelerometer; autoplay; clipboard-write; encrypted-media; gyroscope; picture-in-picture; web-share\" referrerpolicy=\"strict-origin-when-cross-origin\" allowfullscreen><\/iframe><\/div>\n<\/div><\/div>\n<\/div>\n<div class=\"su-row\">\n<div class=\"su-column su-column-size-1-2\"><div class=\"su-column-inner su-u-clearfix su-u-trim\">\n<div class=\"fb-video\" data-href=\"https:\/\/www.facebook.com\/CentrulNationalTinerimeaRomana\/videos\/1731619133569862\/\" data-allowfullscreen=\"true\" data-width=\"500\"><\/div>\n<p>Orchestra Rom\u00e2n\u0103 de Tineret dirijat\u0103 de Cristian Mandeal, un nou succes la &#8220;CONCERTELE MAGICE&#8221; produse de Lanto Communication \u00een colaborare cu Centrul Na\u021bional de Art\u0103 &#8220;Tinerimea Rom\u00e2n\u0103&#8221;<\/div><\/div>\n<div class=\"su-column su-column-size-1-2\"><div class=\"su-column-inner su-u-clearfix su-u-trim\">\n<div class=\"fb-video\" data-href=\"https:\/\/www.facebook.com\/CentrulNationalTinerimeaRomana\/videos\/1787682951296813\/\" data-allowfullscreen=\"true\" data-width=\"500\"><\/div>\n<p>Orchestra Rom\u00e2n\u0103 de Tineret \u0219i Corul de Camer\u0103 Preludiu, dirijor Cristian M\u0103celaru &#8211; Patimile dup\u0103 Matei de J.S.Bach &#8211; Final<br \/>\n<\/div><\/div>\n<\/div>\n<div class=\"su-row\">\n<div class=\"su-column su-column-size-1-2\"><div class=\"su-column-inner su-u-clearfix su-u-trim\">\n<div class=\"entry-content-asset videofit\"><iframe title=\"Orchestra Romana de Tineret dirijor Gabriel Bebeselea solist Stefan Cazacu\" width=\"720\" height=\"405\" src=\"https:\/\/www.youtube.com\/embed\/VrcTIZCiPeM?feature=oembed\" frameborder=\"0\" allow=\"accelerometer; autoplay; clipboard-write; encrypted-media; gyroscope; picture-in-picture; web-share\" referrerpolicy=\"strict-origin-when-cross-origin\" allowfullscreen><\/iframe><\/div>\n<p>Orchestra Rom\u00e2n\u0103 de Tineret dirijor Gabriel Bebe\u0219elea av\u00e2ndu-l ca solist pe violoncelistul \u0218tefan Cazacu interpret\u00e2nd &#8220;Dans \u021a\u0103r\u0103nesc&#8221; de Constantin Dimitrescu. Fragment din concertul sus\u021binut la Ateneul Rom\u00e2n cu prilejul s\u0103rb\u0103toririi Zilei culturii Na\u021bionale &#8211; 2020<br \/>\n<\/div><\/div>\n<div class=\"su-column su-column-size-1-2\"><div class=\"su-column-inner su-u-clearfix su-u-trim\">\n<div class=\"entry-content-asset videofit\"><iframe title=\"ORCHESTRA ROMANA DE TINERET - CONCERT DE ZIUA CULTURII NATIONALE 2020\" width=\"720\" height=\"405\" src=\"https:\/\/www.youtube.com\/embed\/dWjOcZ_hHT4?feature=oembed\" frameborder=\"0\" allow=\"accelerometer; autoplay; clipboard-write; encrypted-media; gyroscope; picture-in-picture; web-share\" referrerpolicy=\"strict-origin-when-cross-origin\" allowfullscreen><\/iframe><\/div>\n<p>Orchestra Rom\u00e2n\u0103 de Tineret dirijat\u0103 de Gabriel Bebe\u0219elea la Ateneul Rom\u00e2n \u00een cadrul concertului extraordinar prilejuit de s\u0103rb\u0103torirea Zilei Culturii Na\u021bionale.<br \/>\nTheodor Rogalski &#8211; Trei dansuri rom\u00e2ne\u0219ti (fragment)<br \/>\n<\/div><\/div>\n<\/div>\n","protected":false},"excerpt":{"rendered":"","protected":false},"author":1,"featured_media":2140,"parent":0,"menu_order":0,"comment_status":"closed","ping_status":"closed","template":"","meta":{"_kad_post_transparent":"default","_kad_post_title":"default","_kad_post_layout":"default","_kad_post_sidebar_id":"","_kad_post_content_style":"default","_kad_post_vertical_padding":"default","_kad_post_feature":"","_kad_post_feature_position":"","_kad_post_header":false,"_kad_post_footer":false,"_kad_post_classname":"","footnotes":""},"class_list":["post-2007","page","type-page","status-publish","has-post-thumbnail","hentry"],"_links":{"self":[{"href":"https:\/\/tinerimearomana.ro\/orchestra-romana-tineret\/wp-json\/wp\/v2\/pages\/2007"}],"collection":[{"href":"https:\/\/tinerimearomana.ro\/orchestra-romana-tineret\/wp-json\/wp\/v2\/pages"}],"about":[{"href":"https:\/\/tinerimearomana.ro\/orchestra-romana-tineret\/wp-json\/wp\/v2\/types\/page"}],"author":[{"embeddable":true,"href":"https:\/\/tinerimearomana.ro\/orchestra-romana-tineret\/wp-json\/wp\/v2\/users\/1"}],"replies":[{"embeddable":true,"href":"https:\/\/tinerimearomana.ro\/orchestra-romana-tineret\/wp-json\/wp\/v2\/comments?post=2007"}],"version-history":[{"count":10,"href":"https:\/\/tinerimearomana.ro\/orchestra-romana-tineret\/wp-json\/wp\/v2\/pages\/2007\/revisions"}],"predecessor-version":[{"id":2864,"href":"https:\/\/tinerimearomana.ro\/orchestra-romana-tineret\/wp-json\/wp\/v2\/pages\/2007\/revisions\/2864"}],"wp:featuredmedia":[{"embeddable":true,"href":"https:\/\/tinerimearomana.ro\/orchestra-romana-tineret\/wp-json\/wp\/v2\/media\/2140"}],"wp:attachment":[{"href":"https:\/\/tinerimearomana.ro\/orchestra-romana-tineret\/wp-json\/wp\/v2\/media?parent=2007"}],"curies":[{"name":"wp","href":"https:\/\/api.w.org\/{rel}","templated":true}]}}

<div class="su-row">
<div class="su-column su-column-size-1-2"><div class="su-column-inner su-u-clearfix su-u-trim">
<div class="entry-content-asset videofit"><iframe title="The History of the Romanian Youth Orchestras 2008 - 2020 - Part I: European Values" width="720" height="405" src="https://www.youtube.com/embed/XGdMGtaCdx0?feature=oembed" frameborder="0" allow="accelerometer; autoplay; clipboard-write; encrypted-media; gyroscope; picture-in-picture; web-share" referrerpolicy="strict-origin-when-cross-origin" allowfullscreen></iframe></div>
</div></div>
<div class="su-column su-column-size-1-2"><div class="su-column-inner su-u-clearfix su-u-trim">
<div class="entry-content-asset videofit"><iframe title="“A Success Story – The History of Romanian Youth Orchestras” - A Treasure of National Culture" width="720" height="405" src="https://www.youtube.com/embed/zKWIJ-MGkEs?feature=oembed" frameborder="0" allow="accelerometer; autoplay; clipboard-write; encrypted-media; gyroscope; picture-in-picture; web-share" referrerpolicy="strict-origin-when-cross-origin" allowfullscreen></iframe></div>
</div></div>
</div>
<div class="su-row">
<div class="su-column su-column-size-1-2"><div class="su-column-inner su-u-clearfix su-u-trim">
<div class="fb-video" data-href="https://www.facebook.com/CentrulNationalTinerimeaRomana/videos/1731619133569862/" data-allowfullscreen="true" data-width="500"></div>
<p>Orchestra Română de Tineret dirijată de Cristian Mandeal, un nou succes la &#8220;CONCERTELE MAGICE&#8221; produse de Lanto Communication în colaborare cu Centrul Național de Artă &#8220;Tinerimea Română&#8221;</div></div>
<div class="su-column su-column-size-1-2"><div class="su-column-inner su-u-clearfix su-u-trim">
<div class="fb-video" data-href="https://www.facebook.com/CentrulNationalTinerimeaRomana/videos/1787682951296813/" data-allowfullscreen="true" data-width="500"></div>
<p>Orchestra Română de Tineret și Corul de Cameră Preludiu, dirijor Cristian Măcelaru &#8211; Patimile după Matei de J.S.Bach &#8211; Final<br />
</div></div>
</div>
<div class="su-row">
<div class="su-column su-column-size-1-2"><div class="su-column-inner su-u-clearfix su-u-trim">
<div class="entry-content-asset videofit"><iframe title="Orchestra Romana de Tineret dirijor Gabriel Bebeselea solist Stefan Cazacu" width="720" height="405" src="https://www.youtube.com/embed/VrcTIZCiPeM?feature=oembed" frameborder="0" allow="accelerometer; autoplay; clipboard-write; encrypted-media; gyroscope; picture-in-picture; web-share" referrerpolicy="strict-origin-when-cross-origin" allowfullscreen></iframe></div>
<p>Orchestra Română de Tineret dirijor Gabriel Bebeșelea avându-l ca solist pe violoncelistul Ștefan Cazacu interpretând &#8220;Dans Țărănesc&#8221; de Constantin Dimitrescu. Fragment din concertul susținut la Ateneul Român cu prilejul sărbătoririi Zilei culturii Naționale &#8211; 2020<br />
</div></div>
<div class="su-column su-column-size-1-2"><div class="su-column-inner su-u-clearfix su-u-trim">
<div class="entry-content-asset videofit"><iframe title="ORCHESTRA ROMANA DE TINERET - CONCERT DE ZIUA CULTURII NATIONALE 2020" width="720" height="405" src="https://www.youtube.com/embed/dWjOcZ_hHT4?feature=oembed" frameborder="0" allow="accelerometer; autoplay; clipboard-write; encrypted-media; gyroscope; picture-in-picture; web-share" referrerpolicy="strict-origin-when-cross-origin" allowfullscreen></iframe></div>
<p>Orchestra Română de Tineret dirijată de Gabriel Bebeșelea la Ateneul Român în cadrul concertului extraordinar prilejuit de sărbătorirea Zilei Culturii Naționale.<br />
Theodor Rogalski &#8211; Trei dansuri românești (fragment)<br />
</div></div>
</div>
