{"id":564,"date":"2017-02-02T17:24:29","date_gmt":"2017-02-02T15:24:29","guid":{"rendered":"http:\/\/tinerimearomana.ro\/despre\/?page_id=564"},"modified":"2025-08-19T15:55:08","modified_gmt":"2025-08-19T13:55:08","slug":"organigrama2","status":"publish","type":"page","link":"https:\/\/tinerimearomana.ro\/despre\/ro\/organigrama2\/","title":{"rendered":"Organigrama"},"content":{"rendered":"<p>Link catre organigrama &#8211; Centrul Na\u021bional de Art\u0103 &#8220;Tinerimea Rom\u00e2n\u0103&#8221; &#8211; <a href=\"https:\/\/tinerimearomana.ro\/despre\/wp-content\/uploads\/sites\/10\/2025\/08\/organigrama-CNTR-2025.jpg\">Click aici<\/a><\/p>\n<p><img fetchpriority=\"high\" decoding=\"async\" class=\"aligncenter wp-image-4697 size-full\" src=\"https:\/\/tinerimearomana.ro\/despre\/wp-content\/uploads\/sites\/10\/2025\/08\/organigrama-CNTR-2025.jpg\" alt=\"\" width=\"1212\" height=\"872\" srcset=\"https:\/\/tinerimearomana.ro\/despre\/wp-content\/uploads\/sites\/10\/2025\/08\/organigrama-CNTR-2025.jpg 1212w, https:\/\/tinerimearomana.ro\/despre\/wp-content\/uploads\/sites\/10\/2025\/08\/organigrama-CNTR-2025-300x216.jpg 300w, https:\/\/tinerimearomana.ro\/despre\/wp-content\/uploads\/sites\/10\/2025\/08\/organigrama-CNTR-2025-1024x737.jpg 1024w, https:\/\/tinerimearomana.ro\/despre\/wp-content\/uploads\/sites\/10\/2025\/08\/organigrama-CNTR-2025-768x553.jpg 768w, https:\/\/tinerimearomana.ro\/despre\/wp-content\/uploads\/sites\/10\/2025\/08\/organigrama-CNTR-2025-200x144.jpg 200w\" sizes=\"(max-width: 1212px) 100vw, 1212px\" \/><\/p>\n","protected":false},"excerpt":{"rendered":"<p>Link catre organigrama &#8211; Centrul Na\u021bional de Art\u0103 &#8220;Tinerimea Rom\u00e2n\u0103&#8221; &#8211; Click aici<\/p>\n","protected":false},"author":1,"featured_media":0,"parent":0,"menu_order":0,"comment_status":"closed","ping_status":"closed","template":"","meta":{"_kadence_starter_templates_imported_post":false,"_kad_post_transparent":"default","_kad_post_title":"default","_kad_post_layout":"default","_kad_post_sidebar_id":"","_kad_post_content_style":"default","_kad_post_vertical_padding":"default","_kad_post_feature":"","_kad_post_feature_position":"","_kad_post_header":false,"_kad_post_footer":false,"_kad_post_classname":"","footnotes":""},"class_list":["post-564","page","type-page","status-publish","hentry"],"_links":{"self":[{"href":"https:\/\/tinerimearomana.ro\/despre\/wp-json\/wp\/v2\/pages\/564"}],"collection":[{"href":"https:\/\/tinerimearomana.ro\/despre\/wp-json\/wp\/v2\/pages"}],"about":[{"href":"https:\/\/tinerimearomana.ro\/despre\/wp-json\/wp\/v2\/types\/page"}],"author":[{"embeddable":true,"href":"https:\/\/tinerimearomana.ro\/despre\/wp-json\/wp\/v2\/users\/1"}],"replies":[{"embeddable":true,"href":"https:\/\/tinerimearomana.ro\/despre\/wp-json\/wp\/v2\/comments?post=564"}],"version-history":[{"count":9,"href":"https:\/\/tinerimearomana.ro\/despre\/wp-json\/wp\/v2\/pages\/564\/revisions"}],"predecessor-version":[{"id":4698,"href":"https:\/\/tinerimearomana.ro\/despre\/wp-json\/wp\/v2\/pages\/564\/revisions\/4698"}],"wp:attachment":[{"href":"https:\/\/tinerimearomana.ro\/despre\/wp-json\/wp\/v2\/media?parent=564"}],"curies":[{"name":"wp","href":"https:\/\/api.w.org\/{rel}","templated":true}]}}