{"id":562,"date":"2017-02-02T17:24:15","date_gmt":"2017-02-02T15:24:15","guid":{"rendered":"http:\/\/tinerimearomana.ro\/despre\/?page_id=562"},"modified":"2023-04-06T10:11:08","modified_gmt":"2023-04-06T08:11:08","slug":"regulament-de-organizare2","status":"publish","type":"page","link":"https:\/\/tinerimearomana.ro\/despre\/ro\/regulament-de-organizare2\/","title":{"rendered":"Regulament de Organizare"},"content":{"rendered":"<p class=\"font_8\">Acte normative care reglementeaz\u0103 organizarea \u0219i func\u0163ionarea Centrului Na\u0163ional de Art\u0103 \u201eTinerimea Rom\u00e2n\u0103\u201d\u00a0:<\/p>\n<p class=\"font_8\"><span class=\"wixGuard\">\u200b<\/span>&#8211;\u00a0\u00a0O.G. nr.21\/2007\u00a0privind institu\u021biile \u0219i companiile de spectacole sau concerte, precum \u0219i desf\u0103\u0219urarea activit\u0103\u021bii de impresariat artistic, cu modific\u0103rile \u0219i complet\u0103rile ulterioare; (<a href=\"http:\/\/legislatie.just.ro\/Public\/DetaliiDocument\/79172\" target=\"_blank\" rel=\"noreferrer noopener\">http:\/\/legislatie.just.ro\/Public\/DetaliiDocument\/79172<\/a>)<\/p>\n<p class=\"font_8\"><span class=\"wixGuard\">\u200b<\/span>&#8211;\u00a0H.G. nr.90\/2010\u00a0privind organizarea \u0219i func\u0163ionarea Ministerului Culturii, cu modific\u0103rile \u0219i complet\u0103rile ulterioare; (<a href=\"http:\/\/legislatie.just.ro\/Public\/DetaliiDocument\/116380\" target=\"_blank\" rel=\"noreferrer noopener\">http:\/\/legislatie.just.ro\/Public\/DetaliiDocument\/116380<\/a>)<\/p>\n","protected":false},"excerpt":{"rendered":"<p>Acte normative care reglementeaz\u0103 organizarea \u0219i func\u0163ionarea Centrului Na\u0163ional de Art\u0103 \u201eTinerimea Rom\u00e2n\u0103\u201d\u00a0: \u200b&#8211;\u00a0\u00a0O.G. nr.21\/2007\u00a0privind institu\u021biile \u0219i companiile de spectacole sau concerte, precum \u0219i desf\u0103\u0219urarea activit\u0103\u021bii de impresariat artistic, cu modific\u0103rile \u0219i complet\u0103rile ulterioare; (http:\/\/legislatie.just.ro\/Public\/DetaliiDocument\/79172) \u200b&#8211;\u00a0H.G. nr.90\/2010\u00a0privind organizarea \u0219i func\u0163ionarea Ministerului Culturii, cu modific\u0103rile \u0219i complet\u0103rile ulterioare; (http:\/\/legislatie.just.ro\/Public\/DetaliiDocument\/116380)<\/p>\n","protected":false},"author":1,"featured_media":0,"parent":0,"menu_order":0,"comment_status":"closed","ping_status":"closed","template":"","meta":{"_kadence_starter_templates_imported_post":false,"_kad_post_transparent":"default","_kad_post_title":"default","_kad_post_layout":"default","_kad_post_sidebar_id":"","_kad_post_content_style":"default","_kad_post_vertical_padding":"default","_kad_post_feature":"","_kad_post_feature_position":"","_kad_post_header":false,"_kad_post_footer":false,"_kad_post_classname":"","footnotes":""},"class_list":["post-562","page","type-page","status-publish","hentry"],"_links":{"self":[{"href":"https:\/\/tinerimearomana.ro\/despre\/wp-json\/wp\/v2\/pages\/562"}],"collection":[{"href":"https:\/\/tinerimearomana.ro\/despre\/wp-json\/wp\/v2\/pages"}],"about":[{"href":"https:\/\/tinerimearomana.ro\/despre\/wp-json\/wp\/v2\/types\/page"}],"author":[{"embeddable":true,"href":"https:\/\/tinerimearomana.ro\/despre\/wp-json\/wp\/v2\/users\/1"}],"replies":[{"embeddable":true,"href":"https:\/\/tinerimearomana.ro\/despre\/wp-json\/wp\/v2\/comments?post=562"}],"version-history":[{"count":4,"href":"https:\/\/tinerimearomana.ro\/despre\/wp-json\/wp\/v2\/pages\/562\/revisions"}],"predecessor-version":[{"id":3831,"href":"https:\/\/tinerimearomana.ro\/despre\/wp-json\/wp\/v2\/pages\/562\/revisions\/3831"}],"wp:attachment":[{"href":"https:\/\/tinerimearomana.ro\/despre\/wp-json\/wp\/v2\/media?parent=562"}],"curies":[{"name":"wp","href":"https:\/\/api.w.org\/{rel}","templated":true}]}}