{"id":6,"date":"2014-11-11T16:52:22","date_gmt":"2014-11-11T16:52:22","guid":{"rendered":"http:\/\/tinerimearomana.ro\/cununa-carpatilor\/?page_id=6"},"modified":"2023-03-02T09:51:28","modified_gmt":"2023-03-02T09:51:28","slug":"prima-pagina","status":"publish","type":"page","link":"https:\/\/tinerimearomana.ro\/cununa-carpatilor\/","title":{"rendered":"PRIMA PAGINA"},"content":{"rendered":"\t\t<div data-elementor-type=\"wp-page\" data-elementor-id=\"6\" class=\"elementor elementor-6\">\n\t\t\t\t\t\t<section class=\"elementor-section elementor-top-section elementor-element elementor-element-201751a elementor-section-full_width elementor-section-height-default elementor-section-height-default\" data-id=\"201751a\" data-element_type=\"section\">\n\t\t\t\t\t\t<div class=\"elementor-container elementor-column-gap-default\">\n\t\t\t\t\t<div class=\"elementor-column elementor-col-100 elementor-top-column elementor-element elementor-element-df3964e\" data-id=\"df3964e\" data-element_type=\"column\">\n\t\t\t<div class=\"elementor-widget-wrap elementor-element-populated\">\n\t\t\t\t\t\t<div class=\"elementor-element elementor-element-be815a1 elementor-widget elementor-widget-text-editor\" data-id=\"be815a1\" data-element_type=\"widget\" data-widget_type=\"text-editor.default\">\n\t\t\t\t<div class=\"elementor-widget-container\">\n\t\t\t\t\t\t\t\t\t<p>    <video-js id=\"videojs69f58018cc068\" class=\"vjs-big-play-centered\" preload=\"auto\" autoplay loop muted playsinline data-setup='{\"fluid\": true}'>\r\n        <source src=\"http:\/\/tinerimearomana.ro\/wp-content\/uploads\/cununa-carpatilor%202016-2.mp4\" type=\"video\/mp4\" \/>\r\n    <\/video-js>\r\n            <style>\r\n        #videojs69f58018cc068 {\r\n            max-width:1200px;   \r\n        }\r\n        <\/style>       <\/p>\t\t\t\t\t\t\t\t<\/div>\n\t\t\t\t<\/div>\n\t\t\t\t\t<\/div>\n\t\t<\/div>\n\t\t\t\t\t<\/div>\n\t\t<\/section>\n\t\t\t\t<section class=\"elementor-section elementor-top-section elementor-element elementor-element-67945424 elementor-section-boxed elementor-section-height-default elementor-section-height-default\" data-id=\"67945424\" data-element_type=\"section\">\n\t\t\t\t\t\t<div class=\"elementor-container elementor-column-gap-default\">\n\t\t\t\t\t<div class=\"elementor-column elementor-col-100 elementor-top-column elementor-element elementor-element-676f7b8f\" data-id=\"676f7b8f\" data-element_type=\"column\">\n\t\t\t<div class=\"elementor-widget-wrap elementor-element-populated\">\n\t\t\t\t\t\t<div class=\"elementor-element elementor-element-d230967 elementor-widget elementor-widget-text-editor\" data-id=\"d230967\" data-element_type=\"widget\" data-widget_type=\"text-editor.default\">\n\t\t\t\t<div class=\"elementor-widget-container\">\n\t\t\t\t\t\t\t\t\t<div class=\"redred\" style=\"padding: 30px;\">\n<p><strong><b>Ansamblul folcloric profesionist \u201eCununa Carpa\u0163ilor\u201d al Centrului Na<\/b><\/strong><strong><b>\u021bional de Art\u0103 \u201eTinerimea Rom\u00e2n\u0103\u201d<\/b><\/strong><strong><b>&nbsp;<\/b><\/strong>a luat fiin\u0163\u0103 \u00een anul 1947, av\u00e2nd \u00een componen\u0163a sa cei mai buni arti\u0219ti ai momentului \u2013 instrumenti\u015fti, dansatori \u2013 a c\u0103ror principal\u0103 misiune este aceea de a aduce la lumina scenei valoarea unic\u0103 a folclorului rom\u00e2nesc.<\/p>\n<p>Calitatea artistic\u0103 a spectacolelor, varietatea repertorial\u0103, cromatica costumelor, m\u0103iestria interpretativ\u0103 au f\u0103cut ca<strong><b>&nbsp;Ansamblul folcloric profesionist \u201eCUNUNA CARPA\u0162ILOR\u201d <\/b><\/strong>s\u0103 reprezinte cu succes folclorul rom\u00e2nesc \u00een formele cele mai autentice, pe scene din: U.S.A \u2013 1977, China, Cambogia, Vietnam, Laos \u2013 1979, Sudan \u2013 1982, Danemarca \u2013 1985, Suedia, Norvegia \u2013 1986, Italia, Germania, Grecia, Turcia \u2013 1987, Cipru, Fran\u0163a, U.R.S.S \u2013 1988, Fran\u0163a, Bulgaria, Ungaria, Anglia \u2013 1990, Olanda \u2013 1992, Grecia, Siria \u2013 1995, Olanda \u2013 1997, Polonia, Ucraina, Italia \u2013 1999, Portugalia \u2013 2000, Fran\u0163a, Grecia \u2013 2001, China \u2013 2002, Spania \u2013 2002, 2003, 2004, 2005, Olanda, Austria \u2013 2006, China, Austria \u2013 2007, Grecia \u2013 2010, 2012, 2015, Turcia \u2013 2016, 2017, 2018.<\/p>\n<\/div>\t\t\t\t\t\t\t\t<\/div>\n\t\t\t\t<\/div>\n\t\t\t\t\t<\/div>\n\t\t<\/div>\n\t\t\t\t\t<\/div>\n\t\t<\/section>\n\t\t\t\t<section class=\"elementor-section elementor-top-section elementor-element elementor-element-18d0e37 elementor-section-boxed elementor-section-height-default elementor-section-height-default\" data-id=\"18d0e37\" data-element_type=\"section\">\n\t\t\t\t\t\t<div class=\"elementor-container elementor-column-gap-default\">\n\t\t\t\t\t<div class=\"elementor-column elementor-col-50 elementor-top-column elementor-element elementor-element-1147122\" data-id=\"1147122\" data-element_type=\"column\">\n\t\t\t<div class=\"elementor-widget-wrap elementor-element-populated\">\n\t\t\t\t\t\t<div class=\"elementor-element elementor-element-97eb9c7 elementor-widget elementor-widget-text-editor\" data-id=\"97eb9c7\" data-element_type=\"widget\" data-widget_type=\"text-editor.default\">\n\t\t\t\t<div class=\"elementor-widget-container\">\n\t\t\t\t\t\t\t\t\t<p>\u00cen prezent, Ansamblul de dansuri populare este \u00eendrumat de\u00a0<strong><b>\u0218tefan OSEPCIUC &#8211; coordonator<\/b><\/strong>\u00a0\u0219i\u00a0<strong><b>Vl\u0103du\u021b SIMULESCU \u2013 instructor de dans<\/b><\/strong>, tineri dansatori cu o vast\u0103 experien\u021b\u0103 de scen\u0103.<\/p><p>Orchestra de muzic\u0103 popular\u0103 este condus\u0103 de\u00a0<strong><b>Dan IONESCU,<\/b><\/strong>\u00a0un virtuoz al clarinetului \u0219i saxofonului, poli-instrumentist al instrumentelor de suflat tradi\u021bionale, orchestrator \u0219i compozitor cu o \u00eendelungat\u0103 experien\u021b\u0103 de preg\u0103tire a orchestrelor de gen.<\/p><p>Ansamblul folcloric profesionist \u201cCununa Carpa\u021bilor\u201d este de\u021bin\u0103torul a \u00a0multor premii na\u021bionale si interna\u021bionale.<\/p><p>Ansamblul a colaborat cu o \u00eentreaga pleiad\u0103 de interpre\u021bi \u0219i instrumenti\u0219ti \u00a0renumi\u021bi, adev\u0103ra\u021bi mae\u0219tri ai genului \u0219i a realizat numeroase \u00eenregistr\u0103ri la televiziune si radio.<\/p>\t\t\t\t\t\t\t\t<\/div>\n\t\t\t\t<\/div>\n\t\t\t\t\t<\/div>\n\t\t<\/div>\n\t\t\t\t<div class=\"elementor-column elementor-col-50 elementor-top-column elementor-element elementor-element-e90aff2\" data-id=\"e90aff2\" data-element_type=\"column\">\n\t\t\t<div class=\"elementor-widget-wrap elementor-element-populated\">\n\t\t\t\t\t\t<div class=\"elementor-element elementor-element-44a2dde elementor-widget elementor-widget-text-editor\" data-id=\"44a2dde\" data-element_type=\"widget\" data-widget_type=\"text-editor.default\">\n\t\t\t\t<div class=\"elementor-widget-container\">\n\t\t\t\t\t\t\t\t\t<p><div id=\"metaslider-id-37\" style=\"max-width: 800px;\" class=\"ml-slider-3-106-0 metaslider metaslider-nivo metaslider-37 ml-slider ms-theme-default\" role=\"region\" aria-label=\"New Slider\" data-height=\"500\" data-width=\"800\">\n    <div id=\"metaslider_container_37\">\n        <div class='slider-wrapper theme-default'><div class='ribbon'><\/div><div id='metaslider_37' class='nivoSlider'><img fetchpriority=\"high\" decoding=\"async\" src=\"https:\/\/tinerimearomana.ro\/cununa-carpatilor\/wp-content\/uploads\/sites\/6\/2016\/12\/slider7-2016-800x500.jpg\" height=\"500\" width=\"800\" title=\"slider7-2016\" alt=\"\" class=\"slider-37 slide-354 msDefaultImage\" \/><img decoding=\"async\" src=\"https:\/\/tinerimearomana.ro\/cununa-carpatilor\/wp-content\/uploads\/sites\/6\/2016\/12\/slider6-2016-800x500.jpg\" height=\"500\" width=\"800\" title=\"slider6-2016\" alt=\"\" class=\"slider-37 slide-355 msDefaultImage\" \/><img decoding=\"async\" src=\"https:\/\/tinerimearomana.ro\/cununa-carpatilor\/wp-content\/uploads\/sites\/6\/2016\/12\/slider5-2016-800x500.jpg\" height=\"500\" width=\"800\" title=\"slider5-2016\" alt=\"\" class=\"slider-37 slide-356 msDefaultImage\" \/><img loading=\"lazy\" decoding=\"async\" src=\"https:\/\/tinerimearomana.ro\/cununa-carpatilor\/wp-content\/uploads\/sites\/6\/2016\/12\/slider4-2016-800x500.jpg\" height=\"500\" width=\"800\" title=\"slider4-2016\" alt=\"\" class=\"slider-37 slide-357 msDefaultImage\" \/><img loading=\"lazy\" decoding=\"async\" src=\"https:\/\/tinerimearomana.ro\/cununa-carpatilor\/wp-content\/uploads\/sites\/6\/2016\/12\/slider3-2016-800x500.jpg\" height=\"500\" width=\"800\" title=\"slider3-2016\" alt=\"\" class=\"slider-37 slide-358 msDefaultImage\" \/><img loading=\"lazy\" decoding=\"async\" src=\"https:\/\/tinerimearomana.ro\/cununa-carpatilor\/wp-content\/uploads\/sites\/6\/2016\/12\/slider2-2016-800x500.jpg\" height=\"500\" width=\"800\" title=\"slider2-2016\" alt=\"\" class=\"slider-37 slide-359 msDefaultImage\" \/><img loading=\"lazy\" decoding=\"async\" src=\"https:\/\/tinerimearomana.ro\/cununa-carpatilor\/wp-content\/uploads\/sites\/6\/2016\/12\/slider1-2016-800x500.jpg\" height=\"500\" width=\"800\" title=\"slider1-2016\" alt=\"\" class=\"slider-37 slide-360 msDefaultImage\" \/><\/div><\/div>\n        \n    <\/div>\n<\/div><\/p>\t\t\t\t\t\t\t\t<\/div>\n\t\t\t\t<\/div>\n\t\t\t\t\t<\/div>\n\t\t<\/div>\n\t\t\t\t\t<\/div>\n\t\t<\/section>\n\t\t\t\t<\/div>\n\t\t","protected":false},"excerpt":{"rendered":"<p>Ansamblul folcloric profesionist \u201eCununa Carpa\u0163ilor\u201d al Centrului Na\u021bional de Art\u0103 \u201eTinerimea Rom\u00e2n\u0103\u201d&nbsp;a luat fiin\u0163\u0103 \u00een anul 1947, av\u00e2nd \u00een componen\u0163a sa cei mai buni arti\u0219ti ai momentului \u2013 instrumenti\u015fti, dansatori \u2013 a c\u0103ror principal\u0103 misiune este aceea de a aduce la lumina scenei valoarea unic\u0103 a folclorului rom\u00e2nesc. Calitatea artistic\u0103 a spectacolelor, varietatea repertorial\u0103, cromatica&#8230;<\/p>\n","protected":false},"author":1,"featured_media":0,"parent":0,"menu_order":0,"comment_status":"open","ping_status":"closed","template":"","meta":{"_kad_post_transparent":"default","_kad_post_title":"hide","_kad_post_layout":"default","_kad_post_sidebar_id":"","_kad_post_content_style":"default","_kad_post_vertical_padding":"default","_kad_post_feature":"","_kad_post_feature_position":"","_kad_post_header":false,"_kad_post_footer":false,"_kad_post_classname":"","footnotes":""},"class_list":["post-6","page","type-page","status-publish","hentry"],"_links":{"self":[{"href":"https:\/\/tinerimearomana.ro\/cununa-carpatilor\/wp-json\/wp\/v2\/pages\/6"}],"collection":[{"href":"https:\/\/tinerimearomana.ro\/cununa-carpatilor\/wp-json\/wp\/v2\/pages"}],"about":[{"href":"https:\/\/tinerimearomana.ro\/cununa-carpatilor\/wp-json\/wp\/v2\/types\/page"}],"author":[{"embeddable":true,"href":"https:\/\/tinerimearomana.ro\/cununa-carpatilor\/wp-json\/wp\/v2\/users\/1"}],"replies":[{"embeddable":true,"href":"https:\/\/tinerimearomana.ro\/cununa-carpatilor\/wp-json\/wp\/v2\/comments?post=6"}],"version-history":[{"count":29,"href":"https:\/\/tinerimearomana.ro\/cununa-carpatilor\/wp-json\/wp\/v2\/pages\/6\/revisions"}],"predecessor-version":[{"id":587,"href":"https:\/\/tinerimearomana.ro\/cununa-carpatilor\/wp-json\/wp\/v2\/pages\/6\/revisions\/587"}],"wp:attachment":[{"href":"https:\/\/tinerimearomana.ro\/cununa-carpatilor\/wp-json\/wp\/v2\/media?parent=6"}],"curies":[{"name":"wp","href":"https:\/\/api.w.org\/{rel}","templated":true}]}}

<div data-elementor-type="wp-page" data-elementor-id="6" class="elementor elementor-6">
						<section class="elementor-section elementor-top-section elementor-element elementor-element-201751a elementor-section-full_width elementor-section-height-default elementor-section-height-default" data-id="201751a" data-element_type="section">
						<div class="elementor-container elementor-column-gap-default">
					<div class="elementor-column elementor-col-100 elementor-top-column elementor-element elementor-element-df3964e" data-id="df3964e" data-element_type="column">
			<div class="elementor-widget-wrap elementor-element-populated">
						<div class="elementor-element elementor-element-be815a1 elementor-widget elementor-widget-text-editor" data-id="be815a1" data-element_type="widget" data-widget_type="text-editor.default">
				<div class="elementor-widget-container">
									<p>    <video-js id="videojs69f58018cc068" class="vjs-big-play-centered" preload="auto" autoplay loop muted playsinline data-setup='{"fluid": true}'>
        <source src="http://tinerimearomana.ro/wp-content/uploads/cununa-carpatilor%202016-2.mp4" type="video/mp4" />
    </video-js>
            <style>
        #videojs69f58018cc068 {
            max-width:1200px;   
        }
        </style>       </p>								</div>
				</div>
					</div>
		</div>
					</div>
		</section>
				<section class="elementor-section elementor-top-section elementor-element elementor-element-67945424 elementor-section-boxed elementor-section-height-default elementor-section-height-default" data-id="67945424" data-element_type="section">
						<div class="elementor-container elementor-column-gap-default">
					<div class="elementor-column elementor-col-100 elementor-top-column elementor-element elementor-element-676f7b8f" data-id="676f7b8f" data-element_type="column">
			<div class="elementor-widget-wrap elementor-element-populated">
						<div class="elementor-element elementor-element-d230967 elementor-widget elementor-widget-text-editor" data-id="d230967" data-element_type="widget" data-widget_type="text-editor.default">
				<div class="elementor-widget-container">
									<div class="redred" style="padding: 30px;">
<p><strong><b>Ansamblul folcloric profesionist „Cununa Carpaţilor” al Centrului Na</b></strong><strong><b>țional de Artă „Tinerimea Română”</b></strong><strong><b>&nbsp;</b></strong>a luat fiinţă în anul 1947, având în componenţa sa cei mai buni artiști ai momentului – instrumentişti, dansatori – a căror principală misiune este aceea de a aduce la lumina scenei valoarea unică a folclorului românesc.</p>
<p>Calitatea artistică a spectacolelor, varietatea repertorială, cromatica costumelor, măiestria interpretativă au făcut ca<strong><b>&nbsp;Ansamblul folcloric profesionist „CUNUNA CARPAŢILOR” </b></strong>să reprezinte cu succes folclorul românesc în formele cele mai autentice, pe scene din: U.S.A – 1977, China, Cambogia, Vietnam, Laos – 1979, Sudan – 1982, Danemarca – 1985, Suedia, Norvegia – 1986, Italia, Germania, Grecia, Turcia – 1987, Cipru, Franţa, U.R.S.S – 1988, Franţa, Bulgaria, Ungaria, Anglia – 1990, Olanda – 1992, Grecia, Siria – 1995, Olanda – 1997, Polonia, Ucraina, Italia – 1999, Portugalia – 2000, Franţa, Grecia – 2001, China – 2002, Spania – 2002, 2003, 2004, 2005, Olanda, Austria – 2006, China, Austria – 2007, Grecia – 2010, 2012, 2015, Turcia – 2016, 2017, 2018.</p>
</div>								</div>
				</div>
					</div>
		</div>
					</div>
		</section>
				<section class="elementor-section elementor-top-section elementor-element elementor-element-18d0e37 elementor-section-boxed elementor-section-height-default elementor-section-height-default" data-id="18d0e37" data-element_type="section">
						<div class="elementor-container elementor-column-gap-default">
					<div class="elementor-column elementor-col-50 elementor-top-column elementor-element elementor-element-1147122" data-id="1147122" data-element_type="column">
			<div class="elementor-widget-wrap elementor-element-populated">
						<div class="elementor-element elementor-element-97eb9c7 elementor-widget elementor-widget-text-editor" data-id="97eb9c7" data-element_type="widget" data-widget_type="text-editor.default">
				<div class="elementor-widget-container">
									<p>În prezent, Ansamblul de dansuri populare este îndrumat de <strong><b>Ștefan OSEPCIUC &#8211; coordonator</b></strong> și <strong><b>Vlăduț SIMULESCU – instructor de dans</b></strong>, tineri dansatori cu o vastă experiență de scenă.</p><p>Orchestra de muzică populară este condusă de <strong><b>Dan IONESCU,</b></strong> un virtuoz al clarinetului și saxofonului, poli-instrumentist al instrumentelor de suflat tradiționale, orchestrator și compozitor cu o îndelungată experiență de pregătire a orchestrelor de gen.</p><p>Ansamblul folcloric profesionist “Cununa Carpaților” este deținătorul a  multor premii naționale si internaționale.</p><p>Ansamblul a colaborat cu o întreaga pleiadă de interpreți și instrumentiști  renumiți, adevărați maeștri ai genului și a realizat numeroase înregistrări la televiziune si radio.</p>								</div>
				</div>
					</div>
		</div>
				<div class="elementor-column elementor-col-50 elementor-top-column elementor-element elementor-element-e90aff2" data-id="e90aff2" data-element_type="column">
			<div class="elementor-widget-wrap elementor-element-populated">
						<div class="elementor-element elementor-element-44a2dde elementor-widget elementor-widget-text-editor" data-id="44a2dde" data-element_type="widget" data-widget_type="text-editor.default">
				<div class="elementor-widget-container">
									<p><div id="metaslider-id-37" style="max-width: 800px;" class="ml-slider-3-106-0 metaslider metaslider-nivo metaslider-37 ml-slider ms-theme-default" role="region" aria-label="New Slider" data-height="500" data-width="800">
    <div id="metaslider_container_37">
        <div class='slider-wrapper theme-default'><div class='ribbon'></div><div id='metaslider_37' class='nivoSlider'><img fetchpriority="high" decoding="async" src="https://tinerimearomana.ro/cununa-carpatilor/wp-content/uploads/sites/6/2016/12/slider7-2016-800x500.jpg" height="500" width="800" title="slider7-2016" alt="" class="slider-37 slide-354 msDefaultImage" /><img decoding="async" src="https://tinerimearomana.ro/cununa-carpatilor/wp-content/uploads/sites/6/2016/12/slider6-2016-800x500.jpg" height="500" width="800" title="slider6-2016" alt="" class="slider-37 slide-355 msDefaultImage" /><img decoding="async" src="https://tinerimearomana.ro/cununa-carpatilor/wp-content/uploads/sites/6/2016/12/slider5-2016-800x500.jpg" height="500" width="800" title="slider5-2016" alt="" class="slider-37 slide-356 msDefaultImage" /><img loading="lazy" decoding="async" src="https://tinerimearomana.ro/cununa-carpatilor/wp-content/uploads/sites/6/2016/12/slider4-2016-800x500.jpg" height="500" width="800" title="slider4-2016" alt="" class="slider-37 slide-357 msDefaultImage" /><img loading="lazy" decoding="async" src="https://tinerimearomana.ro/cununa-carpatilor/wp-content/uploads/sites/6/2016/12/slider3-2016-800x500.jpg" height="500" width="800" title="slider3-2016" alt="" class="slider-37 slide-358 msDefaultImage" /><img loading="lazy" decoding="async" src="https://tinerimearomana.ro/cununa-carpatilor/wp-content/uploads/sites/6/2016/12/slider2-2016-800x500.jpg" height="500" width="800" title="slider2-2016" alt="" class="slider-37 slide-359 msDefaultImage" /><img loading="lazy" decoding="async" src="https://tinerimearomana.ro/cununa-carpatilor/wp-content/uploads/sites/6/2016/12/slider1-2016-800x500.jpg" height="500" width="800" title="slider1-2016" alt="" class="slider-37 slide-360 msDefaultImage" /></div></div>
        
    </div>
</div></p>								</div>
				</div>
					</div>
		</div>
					</div>
		</section>
				</div>

<p>Ansamblul folcloric profesionist „Cununa Carpaţilor” al Centrului Național de Artă „Tinerimea Română”&nbsp;a luat fiinţă în anul 1947, având în componenţa sa cei mai buni artiști ai momentului – instrumentişti, dansatori – a căror principală misiune este aceea de a aduce la lumina scenei valoarea unică a folclorului românesc. Calitatea artistică a spectacolelor, varietatea repertorială, cromatica&#8230;</p>
