{"id":5,"date":"2014-11-12T12:03:29","date_gmt":"2014-11-12T12:03:29","guid":{"rendered":"http:\/\/tinerimearomana.ro\/corul-preludiu\/?page_id=5"},"modified":"2023-03-02T09:54:15","modified_gmt":"2023-03-02T09:54:15","slug":"prima-pagina","status":"publish","type":"page","link":"https:\/\/tinerimearomana.ro\/corul-preludiu\/","title":{"rendered":"PRIMA PAGINA"},"content":{"rendered":"\t\t<div data-elementor-type=\"wp-page\" data-elementor-id=\"5\" class=\"elementor elementor-5\">\n\t\t\t\t\t\t<section class=\"elementor-section elementor-top-section elementor-element elementor-element-b98d7e1 elementor-section-full_width elementor-section-height-default elementor-section-height-default\" data-id=\"b98d7e1\" data-element_type=\"section\" data-settings=\"{&quot;background_background&quot;:&quot;classic&quot;}\">\n\t\t\t\t\t\t<div class=\"elementor-container elementor-column-gap-no\">\n\t\t\t\t\t<div class=\"elementor-column elementor-col-100 elementor-top-column elementor-element elementor-element-eb11562\" data-id=\"eb11562\" data-element_type=\"column\">\n\t\t\t<div class=\"elementor-widget-wrap elementor-element-populated\">\n\t\t\t\t\t\t<div class=\"elementor-element elementor-element-4ceb42f elementor-widget elementor-widget-text-editor\" data-id=\"4ceb42f\" data-element_type=\"widget\" data-widget_type=\"text-editor.default\">\n\t\t\t\t<div class=\"elementor-widget-container\">\n\t\t\t\t\t\t\t\t\t<p>    <video-js id=\"videojs69f2c3c8e1241\" class=\"vjs-big-play-centered\" preload=\"auto\" autoplay loop muted playsinline data-setup='{\"fluid\": true}'>\r\n        <source src=\"http:\/\/tinerimearomana.ro\/wp-content\/uploads\/corul-preludiu.mp4\" type=\"video\/mp4\" \/>\r\n    <\/video-js>\r\n            <style>\r\n        #videojs69f2c3c8e1241 {\r\n            max-width:1200px;   \r\n        }\r\n        <\/style>       <\/p>\t\t\t\t\t\t\t\t<\/div>\n\t\t\t\t<\/div>\n\t\t\t\t\t<\/div>\n\t\t<\/div>\n\t\t\t\t\t<\/div>\n\t\t<\/section>\n\t\t\t\t<section class=\"elementor-section elementor-top-section elementor-element elementor-element-8bcd9a2 elementor-section-boxed elementor-section-height-default elementor-section-height-default\" data-id=\"8bcd9a2\" data-element_type=\"section\" data-settings=\"{&quot;background_background&quot;:&quot;classic&quot;}\">\n\t\t\t\t\t\t<div class=\"elementor-container elementor-column-gap-default\">\n\t\t\t\t\t<div class=\"elementor-column elementor-col-100 elementor-top-column elementor-element elementor-element-864b33b\" data-id=\"864b33b\" data-element_type=\"column\">\n\t\t\t<div class=\"elementor-widget-wrap elementor-element-populated\">\n\t\t\t\t\t\t<div class=\"elementor-element elementor-element-1892462 elementor-widget elementor-widget-text-editor\" data-id=\"1892462\" data-element_type=\"widget\" data-widget_type=\"text-editor.default\">\n\t\t\t\t<div class=\"elementor-widget-container\">\n\t\t\t\t\t\t\t\t\t<p>\u00a0 \u00a0 \u00a0Repertoriul Corului de camer\u0103 \u201ePreludiu\u201d este vast, cuprinz\u00e2nd peste 300 de lucr\u0103ri de muzic\u0103 preclasic\u0103, clasic\u0103 \u015fi romantic\u0103, colinde de Cr\u0103ciun \u015fi c\u00e2ntece religioase, muzic\u0103 rom\u00e2neasc\u0103 \u015fi c\u00e2ntece din muzica popoarelor, lucr\u0103ri din literatura contemporan\u0103, lucr\u0103ri vocal-simfonice.<\/p>\t\t\t\t\t\t\t\t<\/div>\n\t\t\t\t<\/div>\n\t\t\t\t\t<\/div>\n\t\t<\/div>\n\t\t\t\t\t<\/div>\n\t\t<\/section>\n\t\t\t\t<section class=\"elementor-section elementor-top-section elementor-element elementor-element-56de179 elementor-section-boxed elementor-section-height-default elementor-section-height-default\" data-id=\"56de179\" data-element_type=\"section\">\n\t\t\t\t\t\t<div class=\"elementor-container elementor-column-gap-default\">\n\t\t\t\t\t<div class=\"elementor-column elementor-col-50 elementor-top-column elementor-element elementor-element-8d80e64\" data-id=\"8d80e64\" data-element_type=\"column\">\n\t\t\t<div class=\"elementor-widget-wrap elementor-element-populated\">\n\t\t\t\t\t\t<div class=\"elementor-element elementor-element-0b1cbac elementor-widget elementor-widget-text-editor\" data-id=\"0b1cbac\" data-element_type=\"widget\" data-widget_type=\"text-editor.default\">\n\t\t\t\t<div class=\"elementor-widget-container\">\n\t\t\t\t\t\t\t\t\t<p>&nbsp;\u00cen cei <strong>50 de ani de activitate<\/strong> Corul de camera Preludiu &#8211; Voicu Enachescu, a realizat peste 350 de \u00eenregistr\u0103ri radio \u015fi TV, un disc \u201eElectrecord\u201d \u015fi trei C.D. (Colinde \u015fi c\u00e2ntece de Cr\u0103ciun, Muzica bizantin\u0103 \u00een cultura rom\u00e2neasc\u0103, Mae\u015ftri ai artei corale rom\u00e2ne\u015fti). De la apari\u0163ia sa, forma\u0163ia a prezentat mai mult de 2.500 de concerte pe marile scene din Rom\u00e2nia \u015fi din str\u0103in\u0103tate, \u00een cursul celor peste 90 de turnee efectuate \u00een 30 de \u0163\u0103ri din Europa, America \u015fi Asia, fiind laureat\u0103 la mai multe festivaluri interna\u0163ionale (Pardubice, Nitra, Barcelona, Celje). Corul de camer\u0103 \u201ePreludiu\u201d \u015fi dirijorul Voicu En\u0103chescu au primit, cu ocazia edi\u0163iei a XIII-a a Festivalului Interna\u0163ional \u201eGeorge Enescu\u201d (1995), \u201ePremiul pentru excep\u0163ionalul program prezentat\u201d, distinc\u0163ie acordat\u0103 de Uniunea Interpre\u0163ilor, Coregrafilor \u015fi Criticilor Muzicali din Rom\u00e2nia.<\/p>\t\t\t\t\t\t\t\t<\/div>\n\t\t\t\t<\/div>\n\t\t\t\t\t<\/div>\n\t\t<\/div>\n\t\t\t\t<div class=\"elementor-column elementor-col-50 elementor-top-column elementor-element elementor-element-052b2d0\" data-id=\"052b2d0\" data-element_type=\"column\">\n\t\t\t<div class=\"elementor-widget-wrap elementor-element-populated\">\n\t\t\t\t\t\t<div class=\"elementor-element elementor-element-e40569a elementor-widget elementor-widget-text-editor\" data-id=\"e40569a\" data-element_type=\"widget\" data-widget_type=\"text-editor.default\">\n\t\t\t\t<div class=\"elementor-widget-container\">\n\t\t\t\t\t\t\t\t\t<p><div id=\"metaslider-id-37\" style=\"width: 100%; margin: 0 auto;\" class=\"ml-slider-3-106-0 metaslider metaslider-nivo metaslider-37 ml-slider ms-theme-default\" role=\"region\" aria-label=\"slide1\" data-height=\"500\" data-width=\"800\">\n    <div id=\"metaslider_container_37\">\n        <div class='slider-wrapper theme-default'><div class='ribbon'><\/div><div id='metaslider_37' class='nivoSlider'><img fetchpriority=\"high\" decoding=\"async\" src=\"https:\/\/tinerimearomana.ro\/corul-preludiu\/wp-content\/uploads\/sites\/9\/2015\/01\/corul-preludiu1-800x500.jpg\" height=\"500\" width=\"800\" title=\"corul-preludiu1\" alt=\"\" class=\"slider-37 slide-431 msDefaultImage\" \/><img decoding=\"async\" src=\"https:\/\/tinerimearomana.ro\/corul-preludiu\/wp-content\/uploads\/sites\/9\/2015\/01\/corul-preludiu16-800x500.jpg\" height=\"500\" width=\"800\" title=\"corul-preludiu16\" alt=\"\" class=\"slider-37 slide-430 msDefaultImage\" \/><img decoding=\"async\" src=\"https:\/\/tinerimearomana.ro\/corul-preludiu\/wp-content\/uploads\/sites\/9\/2015\/01\/corul-preludiu17-800x500.jpg\" height=\"500\" width=\"800\" title=\"corul-preludiu17\" alt=\"\" class=\"slider-37 slide-432 msDefaultImage\" \/><img loading=\"lazy\" decoding=\"async\" src=\"https:\/\/tinerimearomana.ro\/corul-preludiu\/wp-content\/uploads\/sites\/9\/2015\/01\/corul-preludiu15-800x500.jpg\" height=\"500\" width=\"800\" title=\"corul-preludiu15\" alt=\"\" class=\"slider-37 slide-434 msDefaultImage\" \/><img loading=\"lazy\" decoding=\"async\" src=\"https:\/\/tinerimearomana.ro\/corul-preludiu\/wp-content\/uploads\/sites\/9\/2015\/01\/corul-preludiu19-800x500.jpg\" height=\"500\" width=\"800\" title=\"corul-preludiu19\" alt=\"\" class=\"slider-37 slide-433 msDefaultImage\" \/><img loading=\"lazy\" decoding=\"async\" src=\"https:\/\/tinerimearomana.ro\/corul-preludiu\/wp-content\/uploads\/sites\/9\/2015\/01\/corul-preludiu12-800x500.jpg\" height=\"500\" width=\"800\" title=\"corul-preludiu12\" alt=\"\" class=\"slider-37 slide-435 msDefaultImage\" \/><img loading=\"lazy\" decoding=\"async\" src=\"https:\/\/tinerimearomana.ro\/corul-preludiu\/wp-content\/uploads\/sites\/9\/2015\/01\/corul-preludiu18-800x500.jpg\" height=\"500\" width=\"800\" title=\"corul-preludiu18\" alt=\"\" class=\"slider-37 slide-436 msDefaultImage\" \/><\/div><\/div>\n        \n    <\/div>\n<\/div><\/p>\t\t\t\t\t\t\t\t<\/div>\n\t\t\t\t<\/div>\n\t\t\t\t\t<\/div>\n\t\t<\/div>\n\t\t\t\t\t<\/div>\n\t\t<\/section>\n\t\t\t\t<\/div>\n\t\t","protected":false},"excerpt":{"rendered":"<p>\u00a0 \u00a0 \u00a0Repertoriul Corului de camer\u0103 \u201ePreludiu\u201d este vast, cuprinz\u00e2nd peste 300 de lucr\u0103ri de muzic\u0103 preclasic\u0103, clasic\u0103 \u015fi romantic\u0103, colinde de Cr\u0103ciun \u015fi c\u00e2ntece religioase, muzic\u0103 rom\u00e2neasc\u0103 \u015fi c\u00e2ntece din muzica popoarelor, lucr\u0103ri din literatura contemporan\u0103, lucr\u0103ri vocal-simfonice. &nbsp;\u00cen cei 50 de ani de activitate Corul de camera Preludiu &#8211; Voicu Enachescu, a realizat&#8230;<\/p>\n","protected":false},"author":1,"featured_media":0,"parent":0,"menu_order":0,"comment_status":"closed","ping_status":"closed","template":"","meta":{"_kadence_starter_templates_imported_post":false,"_kad_post_transparent":"default","_kad_post_title":"hide","_kad_post_layout":"normal","_kad_post_sidebar_id":"","_kad_post_content_style":"default","_kad_post_vertical_padding":"hide","_kad_post_feature":"","_kad_post_feature_position":"","_kad_post_header":false,"_kad_post_footer":false,"_kad_post_classname":"","footnotes":""},"class_list":["post-5","page","type-page","status-publish","hentry"],"_links":{"self":[{"href":"https:\/\/tinerimearomana.ro\/corul-preludiu\/wp-json\/wp\/v2\/pages\/5"}],"collection":[{"href":"https:\/\/tinerimearomana.ro\/corul-preludiu\/wp-json\/wp\/v2\/pages"}],"about":[{"href":"https:\/\/tinerimearomana.ro\/corul-preludiu\/wp-json\/wp\/v2\/types\/page"}],"author":[{"embeddable":true,"href":"https:\/\/tinerimearomana.ro\/corul-preludiu\/wp-json\/wp\/v2\/users\/1"}],"replies":[{"embeddable":true,"href":"https:\/\/tinerimearomana.ro\/corul-preludiu\/wp-json\/wp\/v2\/comments?post=5"}],"version-history":[{"count":42,"href":"https:\/\/tinerimearomana.ro\/corul-preludiu\/wp-json\/wp\/v2\/pages\/5\/revisions"}],"predecessor-version":[{"id":691,"href":"https:\/\/tinerimearomana.ro\/corul-preludiu\/wp-json\/wp\/v2\/pages\/5\/revisions\/691"}],"wp:attachment":[{"href":"https:\/\/tinerimearomana.ro\/corul-preludiu\/wp-json\/wp\/v2\/media?parent=5"}],"curies":[{"name":"wp","href":"https:\/\/api.w.org\/{rel}","templated":true}]}}

<div data-elementor-type="wp-page" data-elementor-id="5" class="elementor elementor-5">
						<section class="elementor-section elementor-top-section elementor-element elementor-element-b98d7e1 elementor-section-full_width elementor-section-height-default elementor-section-height-default" data-id="b98d7e1" data-element_type="section" data-settings="{&quot;background_background&quot;:&quot;classic&quot;}">
						<div class="elementor-container elementor-column-gap-no">
					<div class="elementor-column elementor-col-100 elementor-top-column elementor-element elementor-element-eb11562" data-id="eb11562" data-element_type="column">
			<div class="elementor-widget-wrap elementor-element-populated">
						<div class="elementor-element elementor-element-4ceb42f elementor-widget elementor-widget-text-editor" data-id="4ceb42f" data-element_type="widget" data-widget_type="text-editor.default">
				<div class="elementor-widget-container">
									<p>    <video-js id="videojs69f2c3c8e1241" class="vjs-big-play-centered" preload="auto" autoplay loop muted playsinline data-setup='{"fluid": true}'>
        <source src="http://tinerimearomana.ro/wp-content/uploads/corul-preludiu.mp4" type="video/mp4" />
    </video-js>
            <style>
        #videojs69f2c3c8e1241 {
            max-width:1200px;   
        }
        </style>       </p>								</div>
				</div>
					</div>
		</div>
					</div>
		</section>
				<section class="elementor-section elementor-top-section elementor-element elementor-element-8bcd9a2 elementor-section-boxed elementor-section-height-default elementor-section-height-default" data-id="8bcd9a2" data-element_type="section" data-settings="{&quot;background_background&quot;:&quot;classic&quot;}">
						<div class="elementor-container elementor-column-gap-default">
					<div class="elementor-column elementor-col-100 elementor-top-column elementor-element elementor-element-864b33b" data-id="864b33b" data-element_type="column">
			<div class="elementor-widget-wrap elementor-element-populated">
						<div class="elementor-element elementor-element-1892462 elementor-widget elementor-widget-text-editor" data-id="1892462" data-element_type="widget" data-widget_type="text-editor.default">
				<div class="elementor-widget-container">
									<p>     Repertoriul Corului de cameră „Preludiu” este vast, cuprinzând peste 300 de lucrări de muzică preclasică, clasică şi romantică, colinde de Crăciun şi cântece religioase, muzică românească şi cântece din muzica popoarelor, lucrări din literatura contemporană, lucrări vocal-simfonice.</p>								</div>
				</div>
					</div>
		</div>
					</div>
		</section>
				<section class="elementor-section elementor-top-section elementor-element elementor-element-56de179 elementor-section-boxed elementor-section-height-default elementor-section-height-default" data-id="56de179" data-element_type="section">
						<div class="elementor-container elementor-column-gap-default">
					<div class="elementor-column elementor-col-50 elementor-top-column elementor-element elementor-element-8d80e64" data-id="8d80e64" data-element_type="column">
			<div class="elementor-widget-wrap elementor-element-populated">
						<div class="elementor-element elementor-element-0b1cbac elementor-widget elementor-widget-text-editor" data-id="0b1cbac" data-element_type="widget" data-widget_type="text-editor.default">
				<div class="elementor-widget-container">
									<p>&nbsp;În cei <strong>50 de ani de activitate</strong> Corul de camera Preludiu &#8211; Voicu Enachescu, a realizat peste 350 de înregistrări radio şi TV, un disc „Electrecord” şi trei C.D. (Colinde şi cântece de Crăciun, Muzica bizantină în cultura românească, Maeştri ai artei corale româneşti). De la apariţia sa, formaţia a prezentat mai mult de 2.500 de concerte pe marile scene din România şi din străinătate, în cursul celor peste 90 de turnee efectuate în 30 de ţări din Europa, America şi Asia, fiind laureată la mai multe festivaluri internaţionale (Pardubice, Nitra, Barcelona, Celje). Corul de cameră „Preludiu” şi dirijorul Voicu Enăchescu au primit, cu ocazia ediţiei a XIII-a a Festivalului Internaţional „George Enescu” (1995), „Premiul pentru excepţionalul program prezentat”, distincţie acordată de Uniunea Interpreţilor, Coregrafilor şi Criticilor Muzicali din România.</p>								</div>
				</div>
					</div>
		</div>
				<div class="elementor-column elementor-col-50 elementor-top-column elementor-element elementor-element-052b2d0" data-id="052b2d0" data-element_type="column">
			<div class="elementor-widget-wrap elementor-element-populated">
						<div class="elementor-element elementor-element-e40569a elementor-widget elementor-widget-text-editor" data-id="e40569a" data-element_type="widget" data-widget_type="text-editor.default">
				<div class="elementor-widget-container">
									<p><div id="metaslider-id-37" style="width: 100%; margin: 0 auto;" class="ml-slider-3-106-0 metaslider metaslider-nivo metaslider-37 ml-slider ms-theme-default" role="region" aria-label="slide1" data-height="500" data-width="800">
    <div id="metaslider_container_37">
        <div class='slider-wrapper theme-default'><div class='ribbon'></div><div id='metaslider_37' class='nivoSlider'><img fetchpriority="high" decoding="async" src="https://tinerimearomana.ro/corul-preludiu/wp-content/uploads/sites/9/2015/01/corul-preludiu1-800x500.jpg" height="500" width="800" title="corul-preludiu1" alt="" class="slider-37 slide-431 msDefaultImage" /><img decoding="async" src="https://tinerimearomana.ro/corul-preludiu/wp-content/uploads/sites/9/2015/01/corul-preludiu16-800x500.jpg" height="500" width="800" title="corul-preludiu16" alt="" class="slider-37 slide-430 msDefaultImage" /><img decoding="async" src="https://tinerimearomana.ro/corul-preludiu/wp-content/uploads/sites/9/2015/01/corul-preludiu17-800x500.jpg" height="500" width="800" title="corul-preludiu17" alt="" class="slider-37 slide-432 msDefaultImage" /><img loading="lazy" decoding="async" src="https://tinerimearomana.ro/corul-preludiu/wp-content/uploads/sites/9/2015/01/corul-preludiu15-800x500.jpg" height="500" width="800" title="corul-preludiu15" alt="" class="slider-37 slide-434 msDefaultImage" /><img loading="lazy" decoding="async" src="https://tinerimearomana.ro/corul-preludiu/wp-content/uploads/sites/9/2015/01/corul-preludiu19-800x500.jpg" height="500" width="800" title="corul-preludiu19" alt="" class="slider-37 slide-433 msDefaultImage" /><img loading="lazy" decoding="async" src="https://tinerimearomana.ro/corul-preludiu/wp-content/uploads/sites/9/2015/01/corul-preludiu12-800x500.jpg" height="500" width="800" title="corul-preludiu12" alt="" class="slider-37 slide-435 msDefaultImage" /><img loading="lazy" decoding="async" src="https://tinerimearomana.ro/corul-preludiu/wp-content/uploads/sites/9/2015/01/corul-preludiu18-800x500.jpg" height="500" width="800" title="corul-preludiu18" alt="" class="slider-37 slide-436 msDefaultImage" /></div></div>
        
    </div>
</div></p>								</div>
				</div>
					</div>
		</div>
					</div>
		</section>
				</div>

<p>     Repertoriul Corului de cameră „Preludiu” este vast, cuprinzând peste 300 de lucrări de muzică preclasică, clasică şi romantică, colinde de Crăciun şi cântece religioase, muzică românească şi cântece din muzica popoarelor, lucrări din literatura contemporană, lucrări vocal-simfonice. &nbsp;În cei 50 de ani de activitate Corul de camera Preludiu &#8211; Voicu Enachescu, a realizat&#8230;</p>
