{"id":43,"date":"2015-01-19T23:54:24","date_gmt":"2015-01-19T23:54:24","guid":{"rendered":"http:\/\/tinerimearomana.ro\/corul-preludiu\/?page_id=43"},"modified":"2022-11-10T22:14:04","modified_gmt":"2022-11-10T22:14:04","slug":"dirijor-principal","status":"publish","type":"page","link":"https:\/\/tinerimearomana.ro\/corul-preludiu\/dirijor-principal\/","title":{"rendered":"DIRIJOR PRINCIPAL"},"content":{"rendered":"\t\t<div data-elementor-type=\"wp-page\" data-elementor-id=\"43\" class=\"elementor elementor-43\">\n\t\t\t\t\t\t<section class=\"elementor-section elementor-top-section elementor-element elementor-element-60b6bb4 elementor-section-boxed elementor-section-height-default elementor-section-height-default\" data-id=\"60b6bb4\" data-element_type=\"section\">\n\t\t\t\t\t\t<div class=\"elementor-container elementor-column-gap-default\">\n\t\t\t\t\t<div class=\"elementor-column elementor-col-33 elementor-top-column elementor-element elementor-element-b84bc4d\" data-id=\"b84bc4d\" data-element_type=\"column\">\n\t\t\t<div class=\"elementor-widget-wrap elementor-element-populated\">\n\t\t\t\t\t\t<div class=\"elementor-element elementor-element-608b21e elementor-widget elementor-widget-image\" data-id=\"608b21e\" data-element_type=\"widget\" data-widget_type=\"image.default\">\n\t\t\t\t<div class=\"elementor-widget-container\">\n\t\t\t\t\t\t\t\t\t\t\t\t\t\t\t<img fetchpriority=\"high\" decoding=\"async\" width=\"454\" height=\"537\" src=\"https:\/\/tinerimearomana.ro\/corul-preludiu\/wp-content\/uploads\/sites\/9\/2015\/01\/Voicu-Enachescu2.jpg\" class=\"attachment-large size-large wp-image-47\" alt=\"\" srcset=\"https:\/\/tinerimearomana.ro\/corul-preludiu\/wp-content\/uploads\/sites\/9\/2015\/01\/Voicu-Enachescu2.jpg 454w, https:\/\/tinerimearomana.ro\/corul-preludiu\/wp-content\/uploads\/sites\/9\/2015\/01\/Voicu-Enachescu2-253x300.jpg 253w\" sizes=\"(max-width: 454px) 100vw, 454px\" \/>\t\t\t\t\t\t\t\t\t\t\t\t\t\t\t<\/div>\n\t\t\t\t<\/div>\n\t\t\t\t\t<\/div>\n\t\t<\/div>\n\t\t\t\t<div class=\"elementor-column elementor-col-66 elementor-top-column elementor-element elementor-element-98e2f88\" data-id=\"98e2f88\" data-element_type=\"column\">\n\t\t\t<div class=\"elementor-widget-wrap elementor-element-populated\">\n\t\t\t\t\t\t<div class=\"elementor-element elementor-element-653256b elementor-widget elementor-widget-heading\" data-id=\"653256b\" data-element_type=\"widget\" data-widget_type=\"heading.default\">\n\t\t\t\t<div class=\"elementor-widget-container\">\n\t\t\t\t\t<h2 class=\"elementor-heading-title elementor-size-default\">VOICU EN\u0102CHESCU<\/h2>\t\t\t\t<\/div>\n\t\t\t\t<\/div>\n\t\t\t\t<div class=\"elementor-element elementor-element-03015cf elementor-widget elementor-widget-text-editor\" data-id=\"03015cf\" data-element_type=\"widget\" data-widget_type=\"text-editor.default\">\n\t\t\t\t<div class=\"elementor-widget-container\">\n\t\t\t\t\t\t\t\t\t<p>\u00a0 \u00a0 \u00a0 \u00a0Cu 46 de ani vechime \u00een func\u0163ia de dirijor (corul Universit\u0103\u0163ii Bucure\u015fti, corul Casei de Cultura a Studen\u0163ilor, Corul de camera \u201ePreludiu\u201d), Voicu En\u0103chescu e recunoscut ca fiind unul dintre cei mai \u00eenzestra\u0163i dirijori de cor din Rom\u00e2nia, fapt pentru care \u00een luna mai a anului 2006 a fost reales pre\u015fedinte al Asocia\u0163iei Na\u0163ionale Corale din Rom\u00e2nia, organiza\u0163ie neguvernamental\u0103 ce reune\u015fte peste 80 de forma\u0163ii corale din \u0163ar\u0103 \u015fi aproximativ 120 de dirijori de cor \u015fi care este afiliat\u0103 la Federa\u0163ia interna\u0163ional\u0103 \u201eEurora cantat\u201d.<\/p><p>\u00a0 \u00a0 \u00a0 \u00a0 A fost prezent, \u00eempreun\u0103 cu corul de camer\u0103 Preludiu, la toate edi\u0163iile Festivalului Interna\u0163ional \u201eGeorge Enescu\u201d organizate la Bucure\u015fti dup\u0103 anul 1989. A fost invitat \u00een numeroase jurii na\u0163ionale \u015fi interna\u0163ionale \u015fi a lucrat \u00een sistem \u201eatelier\u201d cu forma\u0163ii din Fran\u0163a, Olanda, Germania, Spania, S.U.A.<\/p>\t\t\t\t\t\t\t\t<\/div>\n\t\t\t\t<\/div>\n\t\t\t\t\t<\/div>\n\t\t<\/div>\n\t\t\t\t\t<\/div>\n\t\t<\/section>\n\t\t\t\t<\/div>\n\t\t","protected":false},"excerpt":{"rendered":"<p>VOICU EN\u0102CHESCU \u00a0 \u00a0 \u00a0 \u00a0Cu 46 de ani vechime \u00een func\u0163ia de dirijor (corul Universit\u0103\u0163ii Bucure\u015fti, corul Casei de Cultura a Studen\u0163ilor, Corul de camera \u201ePreludiu\u201d), Voicu En\u0103chescu e recunoscut ca fiind unul dintre cei mai \u00eenzestra\u0163i dirijori de cor din Rom\u00e2nia, fapt pentru care \u00een luna mai a anului 2006 a fost reales&#8230;<\/p>\n","protected":false},"author":1,"featured_media":0,"parent":0,"menu_order":0,"comment_status":"open","ping_status":"closed","template":"","meta":{"_kadence_starter_templates_imported_post":false,"_kad_post_transparent":"","_kad_post_title":"","_kad_post_layout":"","_kad_post_sidebar_id":"","_kad_post_content_style":"","_kad_post_vertical_padding":"","_kad_post_feature":"","_kad_post_feature_position":"","_kad_post_header":false,"_kad_post_footer":false,"_kad_post_classname":"","footnotes":""},"class_list":["post-43","page","type-page","status-publish","hentry"],"_links":{"self":[{"href":"https:\/\/tinerimearomana.ro\/corul-preludiu\/wp-json\/wp\/v2\/pages\/43"}],"collection":[{"href":"https:\/\/tinerimearomana.ro\/corul-preludiu\/wp-json\/wp\/v2\/pages"}],"about":[{"href":"https:\/\/tinerimearomana.ro\/corul-preludiu\/wp-json\/wp\/v2\/types\/page"}],"author":[{"embeddable":true,"href":"https:\/\/tinerimearomana.ro\/corul-preludiu\/wp-json\/wp\/v2\/users\/1"}],"replies":[{"embeddable":true,"href":"https:\/\/tinerimearomana.ro\/corul-preludiu\/wp-json\/wp\/v2\/comments?post=43"}],"version-history":[{"count":6,"href":"https:\/\/tinerimearomana.ro\/corul-preludiu\/wp-json\/wp\/v2\/pages\/43\/revisions"}],"predecessor-version":[{"id":609,"href":"https:\/\/tinerimearomana.ro\/corul-preludiu\/wp-json\/wp\/v2\/pages\/43\/revisions\/609"}],"wp:attachment":[{"href":"https:\/\/tinerimearomana.ro\/corul-preludiu\/wp-json\/wp\/v2\/media?parent=43"}],"curies":[{"name":"wp","href":"https:\/\/api.w.org\/{rel}","templated":true}]}}