{"id":5,"date":"2014-11-12T12:03:19","date_gmt":"2014-11-12T12:03:19","guid":{"rendered":"http:\/\/tinerimearomana.ro\/ansamblul-archaeus\/?page_id=5"},"modified":"2022-11-10T22:03:06","modified_gmt":"2022-11-10T22:03:06","slug":"prima-pagina","status":"publish","type":"page","link":"https:\/\/tinerimearomana.ro\/ansamblul-archaeus\/","title":{"rendered":"PRIMA PAGINA"},"content":{"rendered":"\t\t<div data-elementor-type=\"wp-page\" data-elementor-id=\"5\" class=\"elementor elementor-5\">\n\t\t\t\t\t\t<section class=\"elementor-section elementor-top-section elementor-element elementor-element-1fe3fe84 elementor-section-boxed elementor-section-height-default elementor-section-height-default\" data-id=\"1fe3fe84\" data-element_type=\"section\">\n\t\t\t\t\t\t<div class=\"elementor-container elementor-column-gap-default\">\n\t\t\t\t\t<div class=\"elementor-column elementor-col-100 elementor-top-column elementor-element elementor-element-23165c13\" data-id=\"23165c13\" data-element_type=\"column\">\n\t\t\t<div class=\"elementor-widget-wrap elementor-element-populated\">\n\t\t\t\t\t\t<div class=\"elementor-element elementor-element-3d0ee4a3 elementor-widget elementor-widget-text-editor\" data-id=\"3d0ee4a3\" data-element_type=\"widget\" data-widget_type=\"text-editor.default\">\n\t\t\t\t<div class=\"elementor-widget-container\">\n\t\t\t\t\t\t\t\t\t<p><div id=\"metaslider-id-35\" style=\"max-width: 930px;\" class=\"ml-slider-3-106-0 metaslider metaslider-nivo metaslider-35 ml-slider ms-theme-default\" role=\"region\" aria-label=\"New Slider\" data-height=\"400\" data-width=\"930\">\n    <div id=\"metaslider_container_35\">\n        <div class='slider-wrapper theme-default'><div class='ribbon'><\/div><div id='metaslider_35' class='nivoSlider'><img fetchpriority=\"high\" decoding=\"async\" src=\"https:\/\/tinerimearomana.ro\/ansamblul-archaeus\/wp-content\/uploads\/sites\/8\/2014\/11\/archaeus2.jpg\" height=\"400\" width=\"930\" alt=\"\" class=\"slider-35 slide-28 msDefaultImage\" \/><img decoding=\"async\" src=\"https:\/\/tinerimearomana.ro\/ansamblul-archaeus\/wp-content\/uploads\/sites\/8\/2014\/11\/archaeus1.jpg\" height=\"400\" width=\"930\" alt=\"\" class=\"slider-35 slide-27 msDefaultImage\" \/><img decoding=\"async\" src=\"https:\/\/tinerimearomana.ro\/ansamblul-archaeus\/wp-content\/uploads\/sites\/8\/2014\/11\/archaeus3.jpg\" height=\"400\" width=\"930\" alt=\"\" class=\"slider-35 slide-26 msDefaultImage\" \/><\/div><\/div>\n        \n    <\/div>\n<\/div><br>\n<br>&nbsp; &nbsp; &nbsp; &nbsp; &nbsp; Un grup de instrumenti\u015fti de performan\u0163\u0103, condus de <b>Liviu D\u0103nceanu<\/b>, s-a constituit \u00eentr-un ansamblu cameral numit Archaeus \u015fi a pornit ca un \u201catelier de muzic\u0103 contemporan\u0103\u201d. Ini\u0163iativa aceasta era pe atunci o necesitate vital\u0103 pentru modernitatea muzical\u0103 din cultura rom\u00e2n\u0103. Se n\u0103\u015ftea un \u201catelier\u201d nu numai pentru exemplara prezentare \u00een concert a muzicii contemporane rom\u00e2ne \u015fi str\u0103ine, ci \u015fi pentru mai buna ei receptare de c\u0103tre publicul meloman \u00eenc\u0103 \u00een curs de formare la noi.<\/p>\n<div class=\"redred\" style=\"padding-top: 10px;\">\n<p style=\"text-indent: 40px; color: #000;\">Ansamblul s-a angajat \u00een promovarea muzicii noi, particip\u00e2nd la numeroase evenimente \u00een Rom\u00e2nia, Albania, Austria, Bulgaria, Republica Ceh\u0103, Danemarca, Anglia, Finlanda, Fran\u0163a, Germania, Grecia, Ungaria, Italia, Irlanda, Macedonia, Moldova, Portugalia, Rusia, Spania, Srbia, Slovacia, Elve\u0163ia, Ucraina, S.U.A., de asemenea \u00een nenum\u0103rate festivaluri din Rom\u00e2nia: \u201eGeorge Enescu\u201d (Bucure\u015fti), \u201eSIMN\u201d (Bucure\u015fti), \u201eMeridian\u201d (Bucure\u015fti), \u201eZilele Muzicii Contemporane\u201d (Bac\u0103u), \u201eCluj-Modern\u201d, \u201eCraiova Muzical\u0103\u201d, \u201eFestum Musicae\u201d (Ia\u015fi), \u201eTimi\u015foara Muzical\u0103\u201d, \u201eInter-Media\u201d (Arad) \u015fi din str\u0103in\u0103tate: \u201eSpaziomusica\u201d (Cagliari), \u201eAntidogma Musica\u201d (Torino), \u201eHuddersfield Festival\u201d, \u201eRomaeuropa\u201d, \u201eMusique en Sc\u00e8ne\u201d (Lyon), \u201eENSEMS\u201d (Valencia), \u201ePrim\u0103vara \u00een Bratislava\u201d, \u201eZilele Muzicii Noi\u201d (Chi\u015fin\u0103u), \u201eExtatis\u201d (Geneva), \u201eSyntesis\u201d (Bourges), \u201eMusic of our Age\u201d (Budapest), \u201eTriste Prima\u201d, \u201eMusica Nova\u201d (Sofia), \u201eInternational Review oc Contemporary Music\u201d (Belgrad), \u201eTime of Music\u201d (Viitasaari), \u201eAlpi Marittime\u201d (Ormea), \u201eNew Chamber Music\u201d (Tirana), \u201eMoscow Autumn\u201d, \u201eIncontri con la Musica Contemporanea\u201d (Bergamo), \u201eAspekte\u201d (Salzburg), \u201eFIMCA\u201d (Alicante), \u201eDays of Macedonian Musi\u201dc (Skopje), \u201eNeue Musik \u2013 Neue Kl\u00e4nge\u201d (K\u00f6ln), \u201eJours de Musique Contemporaine\u2019 (Blois).<\/p>\n<\/div>\n<div class=\"redred\" style=\"padding-top: 10px;\">\n<p style=\"text-indent: 40px; color: #000;\">Au interpretat peste 700 de lucr\u0103ri apar\u0163in\u00e2n a mai mult de 380 de compozitori. <b>\u201eArchaeus\u201d<\/b> a \u00eenregistrat aproximativ 30 de CD-uri, mii de minute de timp radiofonic \u015fi TV \u015fi coloana sonor\u0103 a peste 20 de filme. Ansamblul abordeaz\u0103 de asemenea muzic\u0103 bizantin\u0103 veche, muzic\u0103 clasic\u0103, jazz. Premii \u015fi distinc\u0163ii: Premiul ATM pentru calitatea prezent\u0103rii de lucr\u0103ri rom\u00e2ne\u015fti \u00een prim\u0103 audi\u0163ie; Premiul UCMR (1990); Premiul Criticii de art\u0103 din Rom\u00e2nia (1991); Premiul UCMR pentru promovarea muzicii rom\u00e2ne\u015fti contemporane (1992); Premiul SOROS (1997); Diploma de Merit \u201eMagia Dun\u0103rii de Jos\u201d \u2013 Bratislava (2001); \u201eDiploma de Recuno\u015ftin\u0163\u0103\u201d Mitropolia Banatului \u2013 Timi\u015foara (2002), Diploma de Merit \u201eNicolae Constantin Fotino\u201d (2004); Diploma de Onoare \u201eFilarmonica Banatul\u201d \u2013 Timi\u015foara (2004); Medalia de Onoare \u201eHochschule f\u00fcr Musik\u201d \u2013 M\u00fcnchen (2005); Medalia Meritul Cultural (2005); Premiul Uniunii Compozitorilor \u015fi Muzicologilor (2006).<\/p>\n<\/div>\n<div class=\"redred\" style=\"padding-top: 10px;\">\n<p style=\"text-indent: 40px; color: #000;\"><b>Ansamblul ARCHAEUS<\/b> a fost \u00eenfiin\u0163at \u00een 1985 cu scopul de a promova cele mai diverse tendin\u0163e \u015fi orient\u0103ri din muzica contemporan\u0103 \u0219i activeaz\u0103 sub egida Uniunii Compozitorilor \u0219i Muzicologilor din Rom\u00e2nia. Aproape to\u021bi membrii s\u0103i fondatori se reg\u0103sesc \u0219i \u00een formula actual\u0103 a forma\u021biei. \u201cArcheii\u201d au sus\u0163inut peste 400 de concerte \u00een care au interpretat ca. 600 de opusuri (multe din ele \u00een premier\u0103) semnate de aproximativ 400 de compozitori rom\u00e2ni \u015fi str\u0103ini, \u00een peste 90 de ora\u015fe \u0219i ca. 200 de s\u0103li de concert din Rom\u00e2nia, din \u00eentreaga Europ\u0103 \u015fi din SUA.<\/p>\n<\/div>\n<div class=\"redred\" style=\"padding-top: 10px;\">\n<p style=\"text-indent: 40px; color: #000;\">Ca ni\u0219te consecven\u021bi ambasadori ai interpret\u0103rii \u0219i crea\u021biei contemporane din Rom\u00e2nia ultimelor trei decenii, <b>ARCHAEUS<\/b> a participat la numeroase festivaluri \u015fi evenimente muzicale interna\u0163ionale din Bucure\u015fti, Paris, Viena, Salzburg, Budapesta, Geneva, Huddersfield, Berlin, Bonn, K\u00f6ln, M\u00fcnchen, Hanovra, Copenhaga, Moscova, Lisabona, Sofia, Chi\u015fin\u0103u, Bratislava, Roma, Torino, New York, Cleveland, Washington etc. \u00cen paralel, ansamblul a \u00eenregistrat mii de minute de muzic\u0103 pentru Societatea Rom\u00e2n\u0103 de Radiodifuziune \u015fi pentru posturi de radio str\u0103ine, ca \u015fi 19 discuri (LP, CD), casete video \u015fi audio. \u201cArcheii\u201d au realizat coloana sonor\u0103 a peste 20 de filme de anima\u0163ie, documentare, filme experimentale etc. Repertoriul lor extrem de variat acoper\u0103 stiluri \u015fi perioade muzicale diferite, incluz\u00e2nd muzica bizantin\u0103 \u015fi muzica contemporan\u0103.<\/p>\n<\/div>\n<div class=\"redred\" style=\"padding-top: 10px;\">\n<p style=\"text-indent: 40px; color: #000;\">Pentru activitatea sa, ansamblul a fost r\u0103spl\u0103tit cu Premiul ATM (1987), Premiul Criticii (1991), Premiul Publica\u0163iei \u201eActualitatea Muzical\u0103\u201d (1996), Premiul \u201eScores\u201d (1997), Premiul UCMR pentru promovarea muzicii rom\u00e2ne\u0219ti (2006). Din 1998 se desf\u0103\u0219oar\u0103 anual Festivalul international \u201eArchaeus\u201d, cu participarea unor invita\u021bii de prestigiu din lumea muzicii contemporane.<\/p>\n<\/div>\t\t\t\t\t\t\t\t<\/div>\n\t\t\t\t<\/div>\n\t\t\t\t\t<\/div>\n\t\t<\/div>\n\t\t\t\t\t<\/div>\n\t\t<\/section>\n\t\t\t\t<\/div>\n\t\t","protected":false},"excerpt":{"rendered":"<p>&nbsp; &nbsp; &nbsp; &nbsp; &nbsp; Un grup de instrumenti\u015fti de performan\u0163\u0103, condus de Liviu D\u0103nceanu, s-a constituit \u00eentr-un ansamblu cameral numit Archaeus \u015fi a pornit ca un \u201catelier de muzic\u0103 contemporan\u0103\u201d. Ini\u0163iativa aceasta era pe atunci o necesitate vital\u0103 pentru modernitatea muzical\u0103 din cultura rom\u00e2n\u0103. Se n\u0103\u015ftea un \u201catelier\u201d nu numai pentru exemplara prezentare \u00een&#8230;<\/p>\n","protected":false},"author":1,"featured_media":0,"parent":0,"menu_order":0,"comment_status":"open","ping_status":"closed","template":"","meta":{"_kad_post_transparent":"default","_kad_post_title":"hide","_kad_post_layout":"right","_kad_post_sidebar_id":"","_kad_post_content_style":"default","_kad_post_vertical_padding":"default","_kad_post_feature":"","_kad_post_feature_position":"","_kad_post_header":false,"_kad_post_footer":false,"_kad_post_classname":"","footnotes":""},"class_list":["post-5","page","type-page","status-publish","hentry"],"_links":{"self":[{"href":"https:\/\/tinerimearomana.ro\/ansamblul-archaeus\/wp-json\/wp\/v2\/pages\/5"}],"collection":[{"href":"https:\/\/tinerimearomana.ro\/ansamblul-archaeus\/wp-json\/wp\/v2\/pages"}],"about":[{"href":"https:\/\/tinerimearomana.ro\/ansamblul-archaeus\/wp-json\/wp\/v2\/types\/page"}],"author":[{"embeddable":true,"href":"https:\/\/tinerimearomana.ro\/ansamblul-archaeus\/wp-json\/wp\/v2\/users\/1"}],"replies":[{"embeddable":true,"href":"https:\/\/tinerimearomana.ro\/ansamblul-archaeus\/wp-json\/wp\/v2\/comments?post=5"}],"version-history":[{"count":29,"href":"https:\/\/tinerimearomana.ro\/ansamblul-archaeus\/wp-json\/wp\/v2\/pages\/5\/revisions"}],"predecessor-version":[{"id":306,"href":"https:\/\/tinerimearomana.ro\/ansamblul-archaeus\/wp-json\/wp\/v2\/pages\/5\/revisions\/306"}],"wp:attachment":[{"href":"https:\/\/tinerimearomana.ro\/ansamblul-archaeus\/wp-json\/wp\/v2\/media?parent=5"}],"curies":[{"name":"wp","href":"https:\/\/api.w.org\/{rel}","templated":true}]}}